Last updated on 2025-11-15 03:50:18 CET.
| Flavor | Version | Tinstall | Tcheck | Ttotal | Status | Flags |
|---|---|---|---|---|---|---|
| r-devel-linux-x86_64-debian-clang | 3.5.4 | 162.38 | 234.55 | 396.93 | NOTE | |
| r-devel-linux-x86_64-debian-gcc | 3.5.4 | 103.36 | 152.95 | 256.31 | NOTE | |
| r-devel-linux-x86_64-fedora-clang | 3.5.4 | 1260.00 | -467.62 | 792.38 | OK | |
| r-devel-linux-x86_64-fedora-gcc | 3.5.4 | 247.00 | 429.58 | 676.58 | OK | |
| r-devel-windows-x86_64 | 3.5.4 | 206.00 | 260.00 | 466.00 | OK | |
| r-patched-linux-x86_64 | 3.5.4 | 159.79 | 223.26 | 383.05 | OK | |
| r-release-linux-x86_64 | 3.5.4 | 162.72 | 223.98 | 386.70 | OK | |
| r-release-macos-arm64 | 3.5.4 | 63.00 | 112.00 | 175.00 | OK | |
| r-release-macos-x86_64 | 3.5.4 | 60.00 | 184.00 | 244.00 | OK | |
| r-release-windows-x86_64 | 3.5.4 | 186.00 | 249.00 | 435.00 | OK | |
| r-oldrel-macos-arm64 | 3.5.4 | 58.00 | 91.00 | 149.00 | NOTE | |
| r-oldrel-macos-x86_64 | 3.5.4 | 51.00 | 147.00 | 198.00 | NOTE | |
| r-oldrel-windows-x86_64 | 3.5.4 | 220.00 | 341.00 | 561.00 | OK |
Version: 3.5.4
Check: CRAN incoming feasibility
Result: NOTE
Maintainer: ‘David Rossell <rosselldavid@gmail.com>’
No Authors@R field in DESCRIPTION.
Please add one, modifying
Authors@R: c(person(given = "David",
family = "Rossell",
role = c("aut", "cre"),
email = "rosselldavid@gmail.com"),
person(given = c("John", "D."),
family = "Cook",
role = "aut"),
person(given = "Donatello",
family = "Telesca",
role = "aut"),
person(given = "P.",
family = "Roebuck",
role = "aut"),
person(given = "Oriol",
family = "Abril",
role = "aut"),
person(given = "Miquel",
family = "Torrens",
role = "aut"))
as necessary.
Flavors: r-devel-linux-x86_64-debian-clang, r-devel-linux-x86_64-debian-gcc
Version: 3.5.4
Check: installed package size
Result: NOTE
installed size is 9.8Mb
sub-directories of 1Mb or more:
libs 8.2Mb
Flavors: r-oldrel-macos-arm64, r-oldrel-macos-x86_64