Last updated on 2025-10-26 01:49:54 CEST.
| Flavor | Version | Tinstall | Tcheck | Ttotal | Status | Flags |
|---|---|---|---|---|---|---|
| r-devel-linux-x86_64-debian-clang | 1.2.3 | 2.82 | 36.14 | 38.96 | NOTE | |
| r-devel-linux-x86_64-debian-gcc | 1.2.3 | 2.03 | 29.66 | 31.69 | NOTE | |
| r-devel-linux-x86_64-fedora-clang | 1.2.3 | 61.34 | NOTE | |||
| r-devel-linux-x86_64-fedora-gcc | 1.2.3 | 69.54 | NOTE | |||
| r-devel-windows-x86_64 | 1.2.3 | 4.00 | 56.00 | 60.00 | NOTE | |
| r-patched-linux-x86_64 | 1.2.3 | 3.13 | 33.69 | 36.82 | NOTE | |
| r-release-linux-x86_64 | 1.2.3 | 2.47 | 33.60 | 36.07 | NOTE | |
| r-release-macos-arm64 | 1.2.3 | 1.00 | 29.00 | 30.00 | NOTE | |
| r-release-macos-x86_64 | 1.2.3 | 2.00 | 46.00 | 48.00 | NOTE | |
| r-release-windows-x86_64 | 1.2.3 | 6.00 | 56.00 | 62.00 | NOTE | |
| r-oldrel-macos-arm64 | 1.2.3 | 2.00 | 38.00 | 40.00 | NOTE | |
| r-oldrel-macos-x86_64 | 1.2.3 | 2.00 | 41.00 | 43.00 | NOTE | |
| r-oldrel-windows-x86_64 | 1.2.3 | 6.00 | 68.00 | 74.00 | NOTE |
Version: 1.2.3
Check: Rd files
Result: NOTE
checkRd: (-1) morphemepiece_cache_dir.Rd:17-19: Lost braces in \itemize; meant \describe ?
checkRd: (-1) morphemepiece_cache_dir.Rd:20-21: Lost braces in \itemize; meant \describe ?
checkRd: (-1) morphemepiece_cache_dir.Rd:22-24: Lost braces in \itemize; meant \describe ?
Flavors: r-devel-linux-x86_64-debian-clang, r-devel-linux-x86_64-debian-gcc, r-devel-linux-x86_64-fedora-clang, r-devel-linux-x86_64-fedora-gcc, r-devel-windows-x86_64, r-patched-linux-x86_64, r-release-linux-x86_64, r-release-macos-arm64, r-release-macos-x86_64, r-release-windows-x86_64, r-oldrel-macos-arm64, r-oldrel-macos-x86_64, r-oldrel-windows-x86_64