Last updated on 2025-02-20 01:50:40 CET.
Flavor | Version | Tinstall | Tcheck | Ttotal | Status | Flags |
---|---|---|---|---|---|---|
r-devel-linux-x86_64-debian-clang | 0.9.4.0 | 6.08 | 56.92 | 63.00 | NOTE | |
r-devel-linux-x86_64-debian-gcc | 0.9.4.0 | 3.60 | 39.72 | 43.32 | NOTE | |
r-devel-linux-x86_64-fedora-clang | 0.9.4.0 | 96.88 | OK | |||
r-devel-linux-x86_64-fedora-gcc | 0.9.4.0 | 92.98 | OK | |||
r-devel-macos-arm64 | 0.9.4.0 | 44.00 | OK | |||
r-devel-macos-x86_64 | 0.9.4.0 | 61.00 | OK | |||
r-devel-windows-x86_64 | 0.9.4.0 | 8.00 | 80.00 | 88.00 | NOTE | |
r-patched-linux-x86_64 | 0.9.4.0 | 11.87 | 52.29 | 64.16 | OK | |
r-release-linux-x86_64 | 0.9.4.0 | 5.57 | 52.55 | 58.12 | OK | |
r-release-macos-arm64 | 0.9.4.0 | 45.00 | OK | |||
r-release-macos-x86_64 | 0.9.4.0 | 65.00 | OK | |||
r-release-windows-x86_64 | 0.9.4.0 | 8.00 | 78.00 | 86.00 | OK | |
r-oldrel-macos-arm64 | 0.9.4.0 | 32.00 | OK | |||
r-oldrel-macos-x86_64 | 0.9.4.0 | 62.00 | OK | |||
r-oldrel-windows-x86_64 | 0.9.4.0 | 9.00 | 117.00 | 126.00 | OK |
Version: 0.9.4.0
Check: Rd cross-references
Result: NOTE
Found the following Rd file(s) with Rd \link{} targets missing package
anchors:
make_df.Rd: bind_rows
Please provide package anchors for all Rd \link{} targets not in the
package itself and the base packages.
Flavors: r-devel-linux-x86_64-debian-clang, r-devel-linux-x86_64-debian-gcc, r-devel-windows-x86_64