CRAN Package Check Results for Package mosqcontrol

Last updated on 2025-05-09 01:50:11 CEST.

Flavor Version Tinstall Tcheck Ttotal Status Flags
r-devel-linux-x86_64-debian-clang 0.1.0 4.17 33.44 37.61 OK
r-devel-linux-x86_64-debian-gcc 0.1.0 2.64 24.92 27.56 OK
r-devel-linux-x86_64-fedora-clang 0.1.0 59.78 NOTE
r-devel-linux-x86_64-fedora-gcc 0.1.0 69.98 NOTE
r-devel-windows-x86_64 0.1.0 5.00 51.00 56.00 OK
r-patched-linux-x86_64 0.1.0 4.14 31.61 35.75 OK
r-release-linux-x86_64 0.1.0 4.08 31.32 35.40 OK
r-release-macos-arm64 0.1.0 25.00 OK
r-release-macos-x86_64 0.1.0 49.00 OK
r-release-windows-x86_64 0.1.0 6.00 53.00 59.00 OK
r-oldrel-macos-arm64 0.1.0 28.00 NOTE
r-oldrel-macos-x86_64 0.1.0 38.00 NOTE
r-oldrel-windows-x86_64 0.1.0 5.00 61.00 66.00 NOTE

Check Details

Version: 0.1.0
Check: dependencies in R code
Result: NOTE Namespace in Imports field not imported from: ‘NlcOptim’ All declared Imports should be used. Flavors: r-devel-linux-x86_64-fedora-clang, r-devel-linux-x86_64-fedora-gcc

Version: 0.1.0
Check: LazyData
Result: NOTE 'LazyData' is specified without a 'data' directory Flavors: r-oldrel-macos-arm64, r-oldrel-macos-x86_64, r-oldrel-windows-x86_64