CRAN Package Check Results for Package mpower

Last updated on 2025-05-01 01:49:38 CEST.

Flavor Version Tinstall Tcheck Ttotal Status Flags
r-devel-linux-x86_64-debian-clang 0.1.0 7.19 61.88 69.07 NOTE
r-devel-linux-x86_64-debian-gcc 0.1.0 4.49 45.63 50.12 NOTE
r-devel-linux-x86_64-fedora-clang 0.1.0 94.61 OK
r-devel-linux-x86_64-fedora-gcc 0.1.0 91.90 OK
r-devel-windows-x86_64 0.1.0 8.00 91.00 99.00 OK
r-patched-linux-x86_64 0.1.0 6.03 56.35 62.38 OK
r-release-linux-x86_64 0.1.0 5.71 56.76 62.47 OK
r-release-macos-arm64 0.1.0 35.00 OK
r-release-macos-x86_64 0.1.0 65.00 OK
r-release-windows-x86_64 0.1.0 10.00 92.00 102.00 OK
r-oldrel-macos-arm64 0.1.0 41.00 OK
r-oldrel-macos-x86_64 0.1.0 53.00 OK
r-oldrel-windows-x86_64 0.1.0 9.00 100.00 109.00 OK

Check Details

Version: 0.1.0
Check: CRAN incoming feasibility
Result: NOTE Maintainer: ‘Phuc H. Nguyen <phuc.nguyen.rcran@gmail.com>’ The Description field contains Nguyen et al. (2022) <arXiv:2209.08036>. Please refer to arXiv e-prints via their arXiv DOI <doi:10.48550/arXiv.YYMM.NNNNN>. Flavors: r-devel-linux-x86_64-debian-clang, r-devel-linux-x86_64-debian-gcc

Version: 0.1.0
Check: examples
Result: NOTE Examples with CPU (user + system) or elapsed time > 5s user system elapsed sim_power 1.258 0.079 7.612 sim_curve 1.166 0.130 8.568 Flavor: r-devel-linux-x86_64-debian-clang

Version: 0.1.0
Check: examples
Result: NA user system elapsed sim_curve 0.794 0.182 5.5 OK Flavor: r-devel-linux-x86_64-debian-gcc