Last updated on 2024-05-21 02:02:10 CEST.
Flavor | Version | Tinstall | Tcheck | Ttotal | Status | Flags |
---|---|---|---|---|---|---|
r-devel-linux-x86_64-debian-clang | 1.4.2 | 10.76 | 113.45 | 124.21 | NOTE | |
r-devel-linux-x86_64-debian-gcc | 1.4.2 | 8.29 | 81.56 | 89.85 | NOTE | |
r-devel-linux-x86_64-fedora-clang | 1.4.2 | 158.38 | NOTE | |||
r-devel-linux-x86_64-fedora-gcc | 1.4.2 | 145.81 | NOTE | |||
r-devel-windows-x86_64 | 1.4.2 | 11.00 | 103.00 | 114.00 | NOTE | |
r-patched-linux-x86_64 | 1.4.2 | 14.22 | 109.64 | 123.86 | NOTE | |
r-release-linux-x86_64 | 1.4.2 | 10.40 | 106.51 | 116.91 | NOTE | |
r-release-macos-arm64 | 1.4.2 | 38.00 | NOTE | |||
r-release-windows-x86_64 | 1.4.2 | 11.00 | 125.00 | 136.00 | NOTE | |
r-oldrel-macos-arm64 | 1.4.2 | 45.00 | OK | |||
r-oldrel-macos-x86_64 | 1.4.2 | 76.00 | OK | |||
r-oldrel-windows-x86_64 | 1.4.2 | 14.00 | 120.00 | 134.00 | OK |
Version: 1.4.2
Check: Rd files
Result: NOTE
checkRd: (-1) sci.ratioVH.Rd:25: Lost braces in \itemize; meant \describe ?
checkRd: (-1) sci.ratioVH.Rd:26: Lost braces in \itemize; meant \describe ?
checkRd: (-1) sci.ratioVH.Rd:27: Lost braces in \itemize; meant \describe ?
checkRd: (-1) sci.ratioVH.Rd:28: Lost braces in \itemize; meant \describe ?
checkRd: (-1) sci.ratioVH.Rd:29: Lost braces in \itemize; meant \describe ?
checkRd: (-1) sci.ratioVH.Rd:30: Lost braces in \itemize; meant \describe ?
checkRd: (-1) sci.ratioVH.Rd:31: Lost braces in \itemize; meant \describe ?
checkRd: (-1) sci.ratioVH.Rd:32: Lost braces in \itemize; meant \describe ?
checkRd: (-1) sci.ratioVH.Rd:40: Lost braces in \itemize; meant \describe ?
checkRd: (-1) sci.ratioVH.Rd:41: Lost braces in \itemize; meant \describe ?
checkRd: (-1) sci.ratioVH.Rd:42: Lost braces in \itemize; meant \describe ?
checkRd: (-1) sci.ratioVH.Rd:43: Lost braces in \itemize; meant \describe ?
checkRd: (-1) sci.ratioVH.Rd:50: Lost braces in \itemize; meant \describe ?
checkRd: (-1) sci.ratioVH.Rd:51: Lost braces in \itemize; meant \describe ?
checkRd: (-1) sci.ratioVH.Rd:52: Lost braces in \itemize; meant \describe ?
checkRd: (-1) simtest.ratioVH.Rd:23: Lost braces in \itemize; meant \describe ?
checkRd: (-1) simtest.ratioVH.Rd:24: Lost braces in \itemize; meant \describe ?
checkRd: (-1) simtest.ratioVH.Rd:25: Lost braces in \itemize; meant \describe ?
checkRd: (-1) simtest.ratioVH.Rd:26: Lost braces in \itemize; meant \describe ?
checkRd: (-1) simtest.ratioVH.Rd:27: Lost braces in \itemize; meant \describe ?
checkRd: (-1) simtest.ratioVH.Rd:28: Lost braces in \itemize; meant \describe ?
checkRd: (-1) simtest.ratioVH.Rd:29: Lost braces in \itemize; meant \describe ?
checkRd: (-1) simtest.ratioVH.Rd:30: Lost braces in \itemize; meant \describe ?
checkRd: (-1) simtest.ratioVH.Rd:37: Lost braces in \itemize; meant \describe ?
checkRd: (-1) simtest.ratioVH.Rd:38: Lost braces in \itemize; meant \describe ?
checkRd: (-1) simtest.ratioVH.Rd:39: Lost braces in \itemize; meant \describe ?
Flavors: r-devel-linux-x86_64-debian-clang, r-devel-linux-x86_64-debian-gcc, r-devel-linux-x86_64-fedora-clang, r-devel-linux-x86_64-fedora-gcc, r-devel-windows-x86_64, r-patched-linux-x86_64, r-release-linux-x86_64, r-release-macos-arm64, r-release-windows-x86_64