Last updated on 2025-02-20 01:50:40 CET.
Flavor | Version | Tinstall | Tcheck | Ttotal | Status | Flags |
---|---|---|---|---|---|---|
r-devel-linux-x86_64-debian-clang | 1.0.2 | 7.56 | 42.75 | 50.31 | NOTE | |
r-devel-linux-x86_64-debian-gcc | 1.0.2 | 5.71 | 30.50 | 36.21 | NOTE | |
r-devel-linux-x86_64-fedora-clang | 1.0.2 | 85.09 | NOTE | |||
r-devel-linux-x86_64-fedora-gcc | 1.0.2 | 75.26 | NOTE | |||
r-devel-macos-arm64 | 1.0.2 | 30.00 | OK | |||
r-devel-macos-x86_64 | 1.0.2 | 58.00 | NOTE | |||
r-devel-windows-x86_64 | 1.0.2 | 9.00 | 72.00 | 81.00 | NOTE | |
r-patched-linux-x86_64 | 1.0.2 | 7.60 | 40.67 | 48.27 | OK | |
r-release-linux-x86_64 | 1.0.2 | 8.10 | 40.90 | 49.00 | OK | |
r-release-macos-arm64 | 1.0.2 | 32.00 | NOTE | |||
r-release-macos-x86_64 | 1.0.2 | 65.00 | NOTE | |||
r-release-windows-x86_64 | 1.0.2 | 9.00 | 67.00 | 76.00 | OK | |
r-oldrel-macos-arm64 | 1.0.2 | 32.00 | NOTE | |||
r-oldrel-macos-x86_64 | 1.0.2 | 51.00 | NOTE | |||
r-oldrel-windows-x86_64 | 1.0.2 | 12.00 | 72.00 | 84.00 | OK |
Version: 1.0.2
Check: DESCRIPTION meta-information
Result: NOTE
Missing dependency on R >= 4.1.0 because package code uses the pipe
|> or function shorthand \(...) syntax added in R 4.1.0.
File(s) using such syntax:
‘clustering.R’ ‘util.R’
Flavors: r-devel-linux-x86_64-debian-clang, r-devel-linux-x86_64-debian-gcc, r-devel-linux-x86_64-fedora-clang, r-devel-linux-x86_64-fedora-gcc, r-devel-macos-x86_64, r-devel-windows-x86_64
Version: 1.0.2
Check: installed package size
Result: NOTE
installed size is 5.7Mb
sub-directories of 1Mb or more:
data 5.5Mb
Flavors: r-release-macos-arm64, r-release-macos-x86_64, r-oldrel-macos-arm64, r-oldrel-macos-x86_64