Last updated on 2025-11-28 02:50:39 CET.
| Flavor | Version | Tinstall | Tcheck | Ttotal | Status | Flags |
|---|---|---|---|---|---|---|
| r-devel-linux-x86_64-debian-clang | 4.2.1 | 54.26 | 151.41 | 205.67 | NOTE | |
| r-devel-linux-x86_64-debian-gcc | 4.2.1 | 34.61 | 100.04 | 134.65 | NOTE | |
| r-devel-linux-x86_64-fedora-clang | 4.2.1 | 141.00 | 210.61 | 351.61 | NOTE | |
| r-devel-linux-x86_64-fedora-gcc | 4.2.1 | 111.00 | 212.45 | 323.45 | NOTE | |
| r-devel-windows-x86_64 | 4.2.1 | 73.00 | 183.00 | 256.00 | NOTE | |
| r-patched-linux-x86_64 | 4.2.1 | 52.40 | 143.12 | 195.52 | NOTE | |
| r-release-linux-x86_64 | 4.2.1 | 50.21 | 142.78 | 192.99 | NOTE | |
| r-release-macos-arm64 | 4.2.1 | NOTE | ||||
| r-release-macos-x86_64 | 4.2.1 | 26.00 | 118.00 | 144.00 | NOTE | |
| r-release-windows-x86_64 | 4.2.1 | 59.00 | 183.00 | 242.00 | NOTE | |
| r-oldrel-macos-arm64 | 4.2.1 | NOTE | ||||
| r-oldrel-macos-x86_64 | 4.2.1 | 24.00 | 86.00 | 110.00 | NOTE | |
| r-oldrel-windows-x86_64 | 4.2.1 | 68.00 | 230.00 | 298.00 | NOTE |
Version: 4.2.1
Check: C++ specification
Result: NOTE
Specified C++11: please drop specification unless essential
Flavors: r-devel-linux-x86_64-debian-clang, r-devel-windows-x86_64, r-patched-linux-x86_64, r-release-linux-x86_64, r-release-macos-arm64, r-release-macos-x86_64, r-release-windows-x86_64, r-oldrel-macos-arm64, r-oldrel-macos-x86_64, r-oldrel-windows-x86_64
Version: 4.2.1
Check: Rd files
Result: NOTE
checkRd: (-1) cv.glm1path.Rd:74: Lost braces
74 | \code{\link{glm1path}}, \\code{\link{glm1}}, \code{\link{glm}}, \code{\link{family}}
| ^
Flavors: r-devel-linux-x86_64-debian-clang, r-devel-linux-x86_64-debian-gcc, r-devel-linux-x86_64-fedora-clang, r-devel-linux-x86_64-fedora-gcc, r-devel-windows-x86_64, r-patched-linux-x86_64, r-release-linux-x86_64, r-release-macos-arm64, r-release-macos-x86_64, r-release-windows-x86_64, r-oldrel-macos-arm64, r-oldrel-macos-x86_64, r-oldrel-windows-x86_64
Version: 4.2.1
Check: C++ specification
Result: NOTE
Specified C++11: support will be removed soon
Flavors: r-devel-linux-x86_64-debian-gcc, r-devel-linux-x86_64-fedora-clang, r-devel-linux-x86_64-fedora-gcc
Version: 4.2.1
Check: installed package size
Result: NOTE
installed size is 6.4Mb
sub-directories of 1Mb or more:
libs 5.3Mb
Flavors: r-oldrel-macos-arm64, r-oldrel-macos-x86_64