Last updated on 2024-05-09 01:56:02 CEST.
Flavor | Version | Tinstall | Tcheck | Ttotal | Status | Flags |
---|---|---|---|---|---|---|
r-devel-linux-x86_64-debian-clang | 1.0.3 | 4.04 | 60.78 | 64.82 | OK | |
r-devel-linux-x86_64-debian-gcc | 1.0.3 | 3.60 | 43.91 | 47.51 | OK | |
r-devel-linux-x86_64-fedora-clang | 1.0.3 | 79.72 | NOTE | |||
r-devel-linux-x86_64-fedora-gcc | 1.0.3 | 80.10 | OK | |||
r-devel-windows-x86_64 | 1.0.3 | 4.00 | 75.00 | 79.00 | OK | |
r-patched-linux-x86_64 | 1.0.3 | 5.72 | 57.71 | 63.43 | OK | |
r-release-linux-x86_64 | 1.0.3 | 5.33 | 57.29 | 62.62 | OK | |
r-release-macos-arm64 | 1.0.3 | 24.00 | OK | |||
r-release-windows-x86_64 | 1.0.3 | 6.00 | 74.00 | 80.00 | OK | |
r-oldrel-macos-arm64 | 1.0.3 | 28.00 | OK | |||
r-oldrel-macos-x86_64 | 1.0.3 | 42.00 | OK | |||
r-oldrel-windows-x86_64 | 1.0.3 | 6.00 | 83.00 | 89.00 | OK |
Version: 1.0.3
Check: Rd cross-references
Result: NOTE
Undeclared package ‘dosresmeta’ in Rd xrefs
Flavor: r-devel-linux-x86_64-fedora-clang