CRAN Package Check Results for Package mxmmod

Last updated on 2025-11-15 03:50:18 CET.

Flavor Version Tinstall Tcheck Ttotal Status Flags
r-devel-linux-x86_64-debian-clang 1.1.0 2.02 63.66 65.68 OK
r-devel-linux-x86_64-debian-gcc 1.1.0 1.48 48.92 50.40 OK
r-devel-linux-x86_64-fedora-clang 1.1.0 93.93 OK
r-devel-linux-x86_64-fedora-gcc 1.1.0 101.35 OK
r-devel-windows-x86_64 1.1.0 5.00 72.00 77.00 OK
r-patched-linux-x86_64 1.1.0 2.05 56.44 58.49 OK
r-release-linux-x86_64 1.1.0 2.04 55.86 57.90 OK
r-release-macos-arm64 1.1.0 1.00 37.00 38.00 OK
r-release-macos-x86_64 1.1.0 2.00 68.00 70.00 OK
r-release-windows-x86_64 1.1.0 4.00 72.00 76.00 OK
r-oldrel-macos-arm64 1.1.0 1.00 36.00 37.00 OK
r-oldrel-macos-x86_64 1.1.0 2.00 61.00 63.00 OK
r-oldrel-windows-x86_64 1.1.0 1.00 10.00 11.00 ERROR

Check Details

Version: 1.1.0
Check: package dependencies
Result: ERROR Package required but not available: 'OpenMx' See section 'The DESCRIPTION file' in the 'Writing R Extensions' manual. Flavor: r-oldrel-windows-x86_64