Last updated on 2025-02-18 01:50:50 CET.
Flavor | Version | Tinstall | Tcheck | Ttotal | Status | Flags |
---|---|---|---|---|---|---|
r-devel-linux-x86_64-debian-clang | 1.4.9 | 2.82 | 80.90 | 83.72 | NOTE | |
r-devel-linux-x86_64-debian-gcc | 1.4.9 | 1.76 | 60.48 | 62.24 | NOTE | |
r-devel-linux-x86_64-fedora-clang | 1.4.9 | 133.55 | NOTE | |||
r-devel-linux-x86_64-fedora-gcc | 1.4.9 | 142.18 | NOTE | |||
r-devel-macos-arm64 | 1.4.9 | 50.00 | NOTE | |||
r-devel-macos-x86_64 | 1.4.9 | 82.00 | NOTE | |||
r-devel-windows-x86_64 | 1.4.9 | 4.00 | 105.00 | 109.00 | NOTE | |
r-patched-linux-x86_64 | 1.4.9 | 3.22 | 76.45 | 79.67 | NOTE | |
r-release-linux-x86_64 | 1.4.9 | 2.84 | 77.27 | 80.11 | NOTE | |
r-release-macos-arm64 | 1.4.9 | 46.00 | NOTE | |||
r-release-macos-x86_64 | 1.4.9 | 76.00 | NOTE | |||
r-release-windows-x86_64 | 1.4.9 | 4.00 | 100.00 | 104.00 | NOTE | |
r-oldrel-macos-arm64 | 1.4.9 | 51.00 | OK | |||
r-oldrel-macos-x86_64 | 1.4.9 | 92.00 | OK | |||
r-oldrel-windows-x86_64 | 1.4.9 | 5.00 | 112.00 | 117.00 | OK |
Version: 1.4.9
Check: Rd files
Result: NOTE
checkRd: (-1) check_input_event_times.Rd:16-17: Lost braces in \itemize; meant \describe ?
checkRd: (-1) check_input_event_times.Rd:18-19: Lost braces in \itemize; meant \describe ?
checkRd: (-1) check_time_unit.Rd:12-13: Lost braces in \itemize; meant \describe ?
checkRd: (-1) check_time_unit.Rd:14-15: Lost braces in \itemize; meant \describe ?
checkRd: (-1) default_params_doc.Rd:30-31: Lost braces in \itemize; meant \describe ?
checkRd: (-1) default_params_doc.Rd:32-33: Lost braces in \itemize; meant \describe ?
checkRd: (-1) nltt_diff_exact_brts.Rd:30: Lost braces in \itemize; meant \describe ?
checkRd: (-1) nltt_diff_exact_brts.Rd:31: Lost braces in \itemize; meant \describe ?
checkRd: (-1) nltt_diff_exact_brts.Rd:36-37: Lost braces in \itemize; meant \describe ?
checkRd: (-1) nltt_diff_exact_brts.Rd:38-39: Lost braces in \itemize; meant \describe ?
checkRd: (-1) nltt_diff_exact_extinct.Rd:31: Lost braces in \itemize; meant \describe ?
checkRd: (-1) nltt_diff_exact_extinct.Rd:32: Lost braces in \itemize; meant \describe ?
checkRd: (-1) nltt_diff_exact_extinct.Rd:37-38: Lost braces in \itemize; meant \describe ?
checkRd: (-1) nltt_diff_exact_extinct.Rd:39-40: Lost braces in \itemize; meant \describe ?
Flavors: r-devel-linux-x86_64-debian-clang, r-devel-linux-x86_64-debian-gcc, r-devel-linux-x86_64-fedora-clang, r-devel-linux-x86_64-fedora-gcc, r-devel-macos-arm64, r-devel-macos-x86_64, r-devel-windows-x86_64, r-patched-linux-x86_64, r-release-linux-x86_64, r-release-macos-arm64, r-release-macos-x86_64, r-release-windows-x86_64