CRAN Package Check Results for Package nasaweather

Last updated on 2025-05-06 02:50:25 CEST.

Flavor Version Tinstall Tcheck Ttotal Status Flags
r-devel-linux-x86_64-debian-clang 0.1 1.62 15.83 17.45 NOTE
r-devel-linux-x86_64-debian-gcc 0.1 1.53 13.26 14.79 NOTE
r-devel-linux-x86_64-fedora-clang 0.1 27.22 OK
r-devel-linux-x86_64-fedora-gcc 0.1 26.80 OK
r-devel-windows-x86_64 0.1 3.00 34.00 37.00 OK
r-patched-linux-x86_64 0.1 1.91 15.09 17.00 OK
r-release-linux-x86_64 0.1 1.57 14.96 16.53 OK
r-release-macos-arm64 0.1 13.00 OK
r-release-macos-x86_64 0.1 22.00 OK
r-release-windows-x86_64 0.1 4.00 39.00 43.00 OK
r-oldrel-macos-arm64 0.1 13.00 OK
r-oldrel-macos-x86_64 0.1 19.00 OK
r-oldrel-windows-x86_64 0.1 3.00 35.00 38.00 OK

Check Details

Version: 0.1
Check: CRAN incoming feasibility
Result: NOTE Maintainer: ‘'Hadley Wickham' <h.wickham@gmail.com>’ Authors@R field should be a call to person(), or combine such calls. Flavors: r-devel-linux-x86_64-debian-clang, r-devel-linux-x86_64-debian-gcc