Last updated on 2024-05-21 02:02:10 CEST.
Flavor | Version | Tinstall | Tcheck | Ttotal | Status | Flags |
---|---|---|---|---|---|---|
r-devel-linux-x86_64-debian-clang | 0.9.0 | 10.13 | 160.60 | 170.73 | NOTE | |
r-devel-linux-x86_64-debian-gcc | 0.9.0 | 10.09 | 132.04 | 142.13 | NOTE | |
r-devel-linux-x86_64-fedora-clang | 0.9.0 | 204.29 | NOTE | |||
r-devel-linux-x86_64-fedora-gcc | 0.9.0 | 234.47 | NOTE | |||
r-devel-windows-x86_64 | 0.9.0 | 13.00 | 145.00 | 158.00 | NOTE | |
r-patched-linux-x86_64 | 0.9.0 | 11.85 | 170.46 | 182.31 | NOTE | |
r-release-linux-x86_64 | 0.9.0 | 12.09 | 165.32 | 177.41 | NOTE | |
r-release-macos-arm64 | 0.9.0 | 79.00 | NOTE | |||
r-release-windows-x86_64 | 0.9.0 | 14.00 | 145.00 | 159.00 | NOTE | |
r-oldrel-macos-arm64 | 0.9.0 | 90.00 | NOTE | |||
r-oldrel-macos-x86_64 | 0.9.0 | 133.00 | NOTE | |||
r-oldrel-windows-x86_64 | 0.9.0 | 16.00 | 168.00 | 184.00 | NOTE |
Version: 0.9.0
Check: LazyData
Result: NOTE
'LazyData' is specified without a 'data' directory
Flavors: r-devel-linux-x86_64-debian-clang, r-devel-linux-x86_64-debian-gcc, r-devel-linux-x86_64-fedora-clang, r-devel-linux-x86_64-fedora-gcc, r-devel-windows-x86_64, r-patched-linux-x86_64, r-release-linux-x86_64, r-release-macos-arm64, r-release-windows-x86_64, r-oldrel-macos-arm64, r-oldrel-macos-x86_64, r-oldrel-windows-x86_64