Last updated on 2024-05-21 02:02:10 CEST.
Flavor | Version | Tinstall | Tcheck | Ttotal | Status | Flags |
---|---|---|---|---|---|---|
r-devel-linux-x86_64-debian-clang | 2013.03.29.1 | 3.88 | 48.49 | 52.37 | OK | |
r-devel-linux-x86_64-debian-gcc | 2013.03.29.1 | 2.24 | 38.75 | 40.99 | OK | |
r-devel-linux-x86_64-fedora-clang | 2013.03.29.1 | 64.06 | NOTE | |||
r-devel-linux-x86_64-fedora-gcc | 2013.03.29.1 | 61.72 | OK | |||
r-devel-windows-x86_64 | 2013.03.29.1 | 3.00 | 56.00 | 59.00 | NOTE | |
r-patched-linux-x86_64 | 2013.03.29.1 | 3.94 | 46.66 | 50.60 | OK | |
r-release-linux-x86_64 | 2013.03.29.1 | 4.02 | 46.75 | 50.77 | OK | |
r-release-macos-arm64 | 2013.03.29.1 | 25.00 | NOTE | |||
r-release-windows-x86_64 | 2013.03.29.1 | 3.00 | 56.00 | 59.00 | NOTE | |
r-oldrel-macos-arm64 | 2013.03.29.1 | 26.00 | NOTE | |||
r-oldrel-macos-x86_64 | 2013.03.29.1 | 39.00 | NOTE | |||
r-oldrel-windows-x86_64 | 2013.03.29.1 | 5.00 | 59.00 | 64.00 | NOTE |
Version: 2013.03.29.1
Check: installed package size
Result: NOTE
installed size is 9.5Mb
sub-directories of 1Mb or more:
data 9.4Mb
Flavors: r-devel-linux-x86_64-fedora-clang, r-devel-windows-x86_64, r-release-macos-arm64, r-release-windows-x86_64, r-oldrel-macos-arm64, r-oldrel-macos-x86_64, r-oldrel-windows-x86_64