Last updated on 2025-05-01 01:49:39 CEST.
Flavor | Version | Tinstall | Tcheck | Ttotal | Status | Flags |
---|---|---|---|---|---|---|
r-devel-linux-x86_64-debian-clang | 1.24 | 7.62 | 34.82 | 42.44 | OK | |
r-devel-linux-x86_64-debian-gcc | 1.24 | 6.03 | 24.58 | 30.61 | OK | |
r-devel-linux-x86_64-fedora-clang | 1.24 | 69.68 | OK | |||
r-devel-linux-x86_64-fedora-gcc | 1.24 | 63.57 | OK | |||
r-devel-windows-x86_64 | 1.24 | 16.00 | 169.00 | 185.00 | OK | |
r-patched-linux-x86_64 | 1.24 | 7.95 | 32.15 | 40.10 | OK | |
r-release-linux-x86_64 | 1.24 | 7.34 | 32.52 | 39.86 | OK | |
r-release-macos-arm64 | 1.24 | 32.00 | OK | |||
r-release-macos-x86_64 | 1.24 | 43.00 | OK | |||
r-release-windows-x86_64 | 1.24 | 16.00 | 165.00 | 181.00 | OK | |
r-oldrel-macos-arm64 | 1.24 | 25.00 | NOTE | |||
r-oldrel-macos-x86_64 | 1.24 | 52.00 | NOTE | |||
r-oldrel-windows-x86_64 | 1.24 | 19.00 | 168.00 | 187.00 | NOTE |
Version: 1.24
Check: installed package size
Result: NOTE
installed size is 5.9Mb
sub-directories of 1Mb or more:
libs 5.6Mb
Flavors: r-oldrel-macos-arm64, r-oldrel-macos-x86_64, r-oldrel-windows-x86_64