Last updated on 2025-05-01 01:49:39 CEST.
Flavor | Version | Tinstall | Tcheck | Ttotal | Status | Flags |
---|---|---|---|---|---|---|
r-devel-linux-x86_64-debian-clang | 0.1.9 | 7.40 | 102.72 | 110.12 | NOTE | |
r-devel-linux-x86_64-debian-gcc | 0.1.9 | 4.22 | 66.01 | 70.23 | OK | |
r-devel-linux-x86_64-fedora-clang | 0.1.9 | 190.85 | OK | |||
r-devel-linux-x86_64-fedora-gcc | 0.1.9 | 166.13 | OK | |||
r-devel-windows-x86_64 | 0.1.9 | 9.00 | 111.00 | 120.00 | OK | |
r-patched-linux-x86_64 | 0.1.9 | 7.49 | 96.27 | 103.76 | OK | |
r-release-linux-x86_64 | 0.1.9 | 4.76 | 95.16 | 99.92 | OK | |
r-release-macos-arm64 | 0.1.9 | 61.00 | OK | |||
r-release-macos-x86_64 | 0.1.9 | 85.00 | OK | |||
r-release-windows-x86_64 | 0.1.9 | 9.00 | 114.00 | 123.00 | OK | |
r-oldrel-macos-arm64 | 0.1.9 | 41.00 | OK | |||
r-oldrel-macos-x86_64 | 0.1.9 | 83.00 | OK | |||
r-oldrel-windows-x86_64 | 0.1.9 | 11.00 | 134.00 | 145.00 | OK |
Version: 0.1.9
Check: examples
Result: NOTE
Examples with CPU (user + system) or elapsed time > 5s
user system elapsed
neg.paired 8.018 0.032 9.447
neg.esm 7.372 0.109 8.395
neg.twoindmeans 6.387 0.103 8.083
neg.cat 5.622 0.278 7.638
neg.cfi 5.371 0.084 6.699
neg.semfit 5.158 0.013 6.622
neg.rmsea 4.993 0.057 6.585
neg.reg 4.728 0.003 6.580
Flavor: r-devel-linux-x86_64-debian-clang
Version: 0.1.9
Check: examples
Result: NA
user system elapsed
neg.esm 4.693 0.133 6.369
neg.paired 4.565 0.112 5.972
neg.twoindmeans 3.679 0.192 5.126
OK
Flavor: r-devel-linux-x86_64-debian-gcc