Last updated on 2025-05-01 01:49:39 CEST.
Flavor | Version | Tinstall | Tcheck | Ttotal | Status | Flags |
---|---|---|---|---|---|---|
r-devel-linux-x86_64-debian-clang | 2.1.7 | 6.05 | 359.56 | 365.61 | NOTE | |
r-devel-linux-x86_64-debian-gcc | 2.1.7 | 4.44 | 220.79 | 225.23 | OK | |
r-devel-linux-x86_64-fedora-clang | 2.1.7 | 606.07 | NOTE | |||
r-devel-linux-x86_64-fedora-gcc | 2.1.7 | 569.89 | NOTE | |||
r-devel-windows-x86_64 | 2.1.7 | 8.00 | 321.00 | 329.00 | OK | |
r-patched-linux-x86_64 | 2.1.7 | 7.69 | 334.32 | 342.01 | OK | |
r-release-linux-x86_64 | 2.1.7 | 6.04 | 337.86 | 343.90 | OK | |
r-release-macos-arm64 | 2.1.7 | 146.00 | OK | |||
r-release-macos-x86_64 | 2.1.7 | 399.00 | OK | |||
r-release-windows-x86_64 | 2.1.7 | 8.00 | 321.00 | 329.00 | OK | |
r-oldrel-macos-arm64 | 2.1.7 | 144.00 | OK | |||
r-oldrel-macos-x86_64 | 2.1.7 | 331.00 | OK | |||
r-oldrel-windows-x86_64 | 2.1.7 | 10.00 | 430.00 | 440.00 | OK |
Version: 2.1.7
Check: examples
Result: NOTE
Examples with CPU (user + system) or elapsed time > 5s
user system elapsed
make_Null 5.579 0.282 7.404
make_Systematic_canonical 5.494 0.218 6.431
make_Null_canonical 5.454 0.228 7.210
make_Systematic_mixture 5.387 0.220 7.022
make_Systematic 5.368 0.201 6.265
make_Null_mixture 5.328 0.165 6.677
make_Systematic_directedCanonicalLike 5.279 0.157 6.311
Flavor: r-devel-linux-x86_64-debian-clang
Version: 2.1.7
Check: dependencies in R code
Result: NOTE
Namespaces in Imports field not imported from:
‘ggfortify’ ‘ggplot2’ ‘ggraph’ ‘reshape2’
All declared Imports should be used.
Flavors: r-devel-linux-x86_64-fedora-clang, r-devel-linux-x86_64-fedora-gcc