CRAN Package Check Results for Package netseer

Last updated on 2025-04-30 01:50:28 CEST.

Flavor Version Tinstall Tcheck Ttotal Status Flags
r-devel-linux-x86_64-debian-clang 0.1.1 5.54 51.26 56.80 NOTE
r-devel-linux-x86_64-debian-gcc 0.1.1 2.92 36.83 39.75 NOTE
r-devel-linux-x86_64-fedora-clang 0.1.1 89.58 OK
r-devel-linux-x86_64-fedora-gcc 0.1.1 85.80 OK
r-devel-windows-x86_64 0.1.1 7.00 66.00 73.00 OK
r-patched-linux-x86_64 0.1.1 4.84 46.61 51.45 OK
r-release-linux-x86_64 0.1.1 4.84 46.42 51.26 OK
r-release-macos-arm64 0.1.1 46.00 OK
r-release-macos-x86_64 0.1.1 46.00 OK
r-release-windows-x86_64 0.1.1 8.00 65.00 73.00 OK
r-oldrel-macos-arm64 0.1.1 195.00 OK
r-oldrel-macos-x86_64 0.1.1 215.00 OK
r-oldrel-windows-x86_64 0.1.1 8.00 72.00 80.00 OK

Check Details

Version: 0.1.1
Check: examples
Result: NOTE Examples with CPU (user + system) or elapsed time > 5s user system elapsed predict_graph 8.827 0.253 11.213 Flavor: r-devel-linux-x86_64-debian-clang

Version: 0.1.1
Check: examples
Result: NOTE Examples with CPU (user + system) or elapsed time > 5s user system elapsed predict_graph 5.714 0.678 8.696 Flavor: r-devel-linux-x86_64-debian-gcc