Last updated on 2025-05-09 01:50:12 CEST.
Flavor | Version | Tinstall | Tcheck | Ttotal | Status | Flags |
---|---|---|---|---|---|---|
r-devel-linux-x86_64-debian-clang | 1.0.0 | 24.71 | 273.57 | 298.28 | NOTE | |
r-devel-linux-x86_64-debian-gcc | 1.0.0 | 17.68 | 184.68 | 202.36 | NOTE | |
r-devel-linux-x86_64-fedora-clang | 1.0.0 | 526.02 | NOTE | |||
r-devel-linux-x86_64-fedora-gcc | 1.0.0 | 513.69 | NOTE | |||
r-devel-windows-x86_64 | 1.0.0 | 31.00 | 460.00 | 491.00 | NOTE | |
r-patched-linux-x86_64 | 1.0.0 | 24.87 | 260.47 | 285.34 | NOTE | |
r-release-linux-x86_64 | 1.0.0 | 25.68 | 262.74 | 288.42 | NOTE | |
r-release-macos-arm64 | 1.0.0 | 149.00 | NOTE | |||
r-release-macos-x86_64 | 1.0.0 | 338.00 | NOTE | |||
r-release-windows-x86_64 | 1.0.0 | 32.00 | 521.00 | 553.00 | NOTE | |
r-oldrel-macos-arm64 | 1.0.0 | 130.00 | NOTE | |||
r-oldrel-macos-x86_64 | 1.0.0 | 264.00 | NOTE | |||
r-oldrel-windows-x86_64 | 1.0.0 | 38.00 | 469.00 | 507.00 | NOTE |
Version: 1.0.0
Check: CRAN incoming feasibility
Result: NOTE
Maintainer: ‘Arash A. Amini <aaamini@ucla.edu>’
The Description field contains
<doi:10.1214/16-AOS1457> Zhang and Amini (2020) <arXiv:2012.15047> Le
Please refer to arXiv e-prints via their arXiv DOI <doi:10.48550/arXiv.YYMM.NNNNN>.
Flavors: r-devel-linux-x86_64-debian-clang, r-devel-linux-x86_64-debian-gcc
Version: 1.0.0
Check: Rd files
Result: NOTE
checkRd: (-1) spec_clust.Rd:33: Lost braces; missing escapes or markup?
33 | A label vector of size n x 1 with elements in {1,2,...,K}
| ^
Flavors: r-devel-linux-x86_64-debian-clang, r-devel-linux-x86_64-debian-gcc, r-devel-linux-x86_64-fedora-clang, r-devel-linux-x86_64-fedora-gcc, r-devel-windows-x86_64, r-patched-linux-x86_64, r-release-linux-x86_64, r-release-macos-arm64, r-release-macos-x86_64, r-release-windows-x86_64, r-oldrel-macos-arm64, r-oldrel-macos-x86_64, r-oldrel-windows-x86_64