CRAN Package Check Results for Package neuroim

Last updated on 2025-04-30 02:50:45 CEST.

Flavor Version Tinstall Tcheck Ttotal Status Flags
r-devel-linux-x86_64-debian-clang 0.0.6 30.91 153.69 184.60 NOTE
r-devel-linux-x86_64-debian-gcc 0.0.6 21.59 106.91 128.50 NOTE
r-devel-linux-x86_64-fedora-clang 0.0.6 312.41 NOTE
r-devel-linux-x86_64-fedora-gcc 0.0.6 300.80 NOTE
r-devel-windows-x86_64 0.0.6 38.00 193.00 231.00 OK
r-patched-linux-x86_64 0.0.6 35.08 143.34 178.42 OK
r-release-linux-x86_64 0.0.6 27.61 142.30 169.91 OK
r-release-macos-arm64 0.0.6 94.00 OK
r-release-macos-x86_64 0.0.6 272.00 OK
r-release-windows-x86_64 0.0.6 40.00 206.00 246.00 OK
r-oldrel-macos-arm64 0.0.6 85.00 OK
r-oldrel-macos-x86_64 0.0.6 248.00 OK
r-oldrel-windows-x86_64 0.0.6 46.00 241.00 287.00 OK

Check Details

Version: 0.0.6
Check: CRAN incoming feasibility
Result: NOTE Maintainer: ‘Bradley Buchsbaum <brad.buchsbaum@gmail.com>’ No Authors@R field in DESCRIPTION. Please add one, modifying Authors@R: c(person(given = c("Bradley", "R."), family = "Buchsbaum", role = "aut"), person(given = "Bradley", family = "Buchsbaum", role = "cre", email = "brad.buchsbaum@gmail.com")) as necessary. Flavors: r-devel-linux-x86_64-debian-clang, r-devel-linux-x86_64-debian-gcc

Version: 0.0.6
Check: compiled code
Result: NOTE File ‘neuroim/libs/neuroim.so’: Found no calls to: ‘R_registerRoutines’, ‘R_useDynamicSymbols’ It is good practice to register native routines and to disable symbol search. See ‘Writing portable packages’ in the ‘Writing R Extensions’ manual. Flavors: r-devel-linux-x86_64-fedora-clang, r-devel-linux-x86_64-fedora-gcc