Last updated on 2025-05-02 01:52:05 CEST.
Flavor | Version | Tinstall | Tcheck | Ttotal | Status | Flags |
---|---|---|---|---|---|---|
r-devel-linux-x86_64-debian-clang | 0.2.0 | 57.71 | 74.36 | 132.07 | NOTE | |
r-devel-linux-x86_64-debian-gcc | 0.2.0 | 37.39 | 52.32 | 89.71 | NOTE | |
r-devel-linux-x86_64-fedora-clang | 0.2.0 | 238.68 | NOTE | |||
r-devel-linux-x86_64-fedora-gcc | 0.2.0 | 219.32 | NOTE | |||
r-devel-windows-x86_64 | 0.2.0 | 65.00 | 108.00 | 173.00 | NOTE | |
r-patched-linux-x86_64 | 0.2.0 | 50.19 | 70.30 | 120.49 | NOTE | |
r-release-linux-x86_64 | NOTE | |||||
r-release-macos-arm64 | 0.2.0 | 68.00 | NOTE | |||
r-release-macos-x86_64 | 0.2.0 | 97.00 | NOTE | |||
r-release-windows-x86_64 | 0.2.0 | 67.00 | 129.00 | 196.00 | NOTE | |
r-oldrel-macos-arm64 | 0.2.0 | 64.00 | OK | |||
r-oldrel-macos-x86_64 | 0.2.0 | 131.00 | OK | |||
r-oldrel-windows-x86_64 | 0.2.0 | 74.00 | 133.00 | 207.00 | OK |
Version: 0.2.0
Check: DESCRIPTION meta-information
Result: NOTE
Missing dependency on R >= 4.1.0 because package code uses the pipe
|> or function shorthand \(...) syntax added in R 4.1.0.
File(s) using such syntax:
‘visualizations.R’
Flavors: r-devel-linux-x86_64-debian-clang, r-devel-linux-x86_64-debian-gcc, r-devel-linux-x86_64-fedora-clang, r-devel-linux-x86_64-fedora-gcc, r-devel-windows-x86_64, r-patched-linux-x86_64, r-release-linux-x86_64, r-release-macos-arm64, r-release-macos-x86_64, r-release-windows-x86_64
Version: 0.2.0
Check: examples
Result: NOTE
Examples with CPU (user + system) or elapsed time > 5s
user system elapsed
nvd-plot 4.518 0.059 5.858
Flavor: r-devel-linux-x86_64-debian-clang