Last updated on 2025-05-05 01:50:54 CEST.
Flavor | Version | Tinstall | Tcheck | Ttotal | Status | Flags |
---|---|---|---|---|---|---|
r-devel-linux-x86_64-debian-clang | 2016.3.2 | 3.01 | 35.86 | 38.87 | OK | |
r-devel-linux-x86_64-debian-gcc | 2016.3.2 | 2.02 | 27.39 | 29.41 | OK | |
r-devel-linux-x86_64-fedora-clang | 2016.3.2 | 64.41 | OK | |||
r-devel-linux-x86_64-fedora-gcc | 2016.3.2 | 78.93 | OK | |||
r-devel-windows-x86_64 | 2016.3.2 | 5.00 | 71.00 | 76.00 | OK | |
r-patched-linux-x86_64 | 2016.3.2 | 3.29 | 34.41 | 37.70 | OK | |
r-release-linux-x86_64 | 2016.3.2 | 2.49 | 34.26 | 36.75 | OK | |
r-release-macos-arm64 | 2016.3.2 | 39.00 | OK | |||
r-release-macos-x86_64 | 2016.3.2 | 65.00 | OK | |||
r-release-windows-x86_64 | 2016.3.2 | 4.00 | 73.00 | 77.00 | OK | |
r-oldrel-macos-arm64 | 2016.3.2 | 28.00 | NOTE | |||
r-oldrel-macos-x86_64 | 2016.3.2 | 45.00 | NOTE | |||
r-oldrel-windows-x86_64 | 2016.3.2 | 4.00 | 73.00 | 77.00 | OK |
Version: 2016.3.2
Check: package dependencies
Result: NOTE
Packages suggested but not available for checking: 'Rvmmin', 'Rcgmin'
Flavors: r-oldrel-macos-arm64, r-oldrel-macos-x86_64