CRAN Package Check Results for Package notifyme

Last updated on 2025-02-20 01:50:41 CET.

Flavor Version Tinstall Tcheck Ttotal Status Flags
r-devel-linux-x86_64-debian-clang 0.3.0 1.83 17.65 19.48 OK
r-devel-linux-x86_64-debian-gcc 0.3.0 1.44 14.35 15.79 OK
r-devel-linux-x86_64-fedora-clang 0.3.0 30.86 OK
r-devel-linux-x86_64-fedora-gcc 0.3.0 29.14 OK
r-devel-macos-arm64 0.3.0 17.00 OK
r-devel-macos-x86_64 0.3.0 23.00 OK
r-devel-windows-x86_64 0.3.0 3.00 40.00 43.00 OK
r-patched-linux-x86_64 0.3.0 1.47 16.78 18.25 NOTE
r-release-linux-x86_64 0.3.0 1.76 17.00 18.76 NOTE
r-release-macos-arm64 0.3.0 15.00 NOTE
r-release-macos-x86_64 0.3.0 19.00 NOTE
r-release-windows-x86_64 0.3.0 3.00 40.00 43.00 NOTE
r-oldrel-macos-arm64 0.3.0 19.00 NOTE
r-oldrel-macos-x86_64 0.3.0 19.00 NOTE
r-oldrel-windows-x86_64 0.3.0 4.00 42.00 46.00 NOTE

Check Details

Version: 0.3.0
Check: LazyData
Result: NOTE 'LazyData' is specified without a 'data' directory Flavors: r-patched-linux-x86_64, r-release-linux-x86_64, r-release-macos-arm64, r-release-macos-x86_64, r-release-windows-x86_64, r-oldrel-macos-arm64, r-oldrel-macos-x86_64, r-oldrel-windows-x86_64