Last updated on 2025-05-05 01:50:54 CEST.
Flavor | Version | Tinstall | Tcheck | Ttotal | Status | Flags |
---|---|---|---|---|---|---|
r-devel-linux-x86_64-debian-clang | 0.2.0 | 3.00 | 50.58 | 53.58 | NOTE | |
r-devel-linux-x86_64-debian-gcc | 0.2.0 | 2.18 | 38.78 | 40.96 | NOTE | |
r-devel-linux-x86_64-fedora-clang | 0.2.0 | 81.84 | OK | |||
r-devel-linux-x86_64-fedora-gcc | 0.2.0 | 94.98 | OK | |||
r-devel-windows-x86_64 | 0.2.0 | 4.00 | 114.00 | 118.00 | OK | |
r-patched-linux-x86_64 | 0.2.0 | 3.38 | 47.60 | 50.98 | OK | |
r-release-linux-x86_64 | 0.2.0 | 2.52 | 47.17 | 49.69 | OK | |
r-release-macos-arm64 | 0.2.0 | 89.00 | OK | |||
r-release-macos-x86_64 | 0.2.0 | 129.00 | OK | |||
r-release-windows-x86_64 | 0.2.0 | 5.00 | 120.00 | 125.00 | OK | |
r-oldrel-macos-arm64 | 0.2.0 | 93.00 | OK | |||
r-oldrel-macos-x86_64 | 0.2.0 | 148.00 | OK | |||
r-oldrel-windows-x86_64 | 0.2.0 | 5.00 | 129.00 | 134.00 | OK |
Version: 0.2.0
Check: CRAN incoming feasibility
Result: NOTE
Maintainer: ‘Frank Farach <frank.farach@gmail.com>’
Package CITATION file contains call(s) to old-style citEntry(). Please
use bibentry() instead.
Flavors: r-devel-linux-x86_64-debian-clang, r-devel-linux-x86_64-debian-gcc