Last updated on 2025-10-31 01:49:05 CET.
| Flavor | Version | Tinstall | Tcheck | Ttotal | Status | Flags | 
|---|---|---|---|---|---|---|
| r-devel-linux-x86_64-debian-clang | 1.1 | 4.32 | 46.61 | 50.93 | NOTE | |
| r-devel-linux-x86_64-debian-gcc | 1.1 | 2.90 | 31.38 | 34.28 | NOTE | |
| r-devel-linux-x86_64-fedora-clang | 1.1 | 80.17 | NOTE | |||
| r-devel-linux-x86_64-fedora-gcc | 1.1 | 18.00 | 64.11 | 82.11 | NOTE | |
| r-devel-windows-x86_64 | 1.1 | 4.00 | 56.00 | 60.00 | NOTE | |
| r-patched-linux-x86_64 | 1.1 | 4.69 | 43.82 | 48.51 | NOTE | |
| r-release-linux-x86_64 | 1.1 | 3.82 | 45.01 | 48.83 | NOTE | |
| r-release-macos-arm64 | 1.1 | 2.00 | 21.00 | 23.00 | NOTE | |
| r-release-macos-x86_64 | 1.1 | 5.00 | 40.00 | 45.00 | NOTE | |
| r-release-windows-x86_64 | 1.1 | 5.00 | 59.00 | 64.00 | NOTE | |
| r-oldrel-macos-arm64 | 1.1 | 2.00 | 19.00 | 21.00 | NOTE | |
| r-oldrel-macos-x86_64 | 1.1 | 3.00 | 37.00 | 40.00 | NOTE | |
| r-oldrel-windows-x86_64 | 1.1 | 5.00 | 56.00 | 61.00 | NOTE | 
Version: 1.1
Check: CRAN incoming feasibility
Result: NOTE
  Maintainer: ‘Nathaniel E. Helwig <helwig@umn.edu>’
  
  No Authors@R field in DESCRIPTION.
  Please add one, modifying
    Authors@R: person(given = c("Nathaniel", "E."),
                      family = "Helwig",
                      role = c("aut", "cre"),
                      email = "helwig@umn.edu")
  as necessary.
Flavors: r-devel-linux-x86_64-debian-clang, r-devel-linux-x86_64-debian-gcc
Version: 1.1
Check: Rd files
Result: NOTE
  checkRd: (-1) np.reg.test.Rd:62-67: Only 3 columns allowed in this table (row 1 has 2)
  checkRd: (-1) np.reg.test.Rd:62-67: Only 3 columns allowed in this table (row 2 has 2)
  checkRd: (-1) np.reg.test.Rd:62-67: Only 3 columns allowed in this table (row 3 has 2)
  checkRd: (-1) np.reg.test.Rd:62-67: Only 3 columns allowed in this table (row 4 has 2)
  checkRd: (-1) np.reg.test.Rd:148: Lost braces
     148 | ter Braak, C. J. F. (1992). Permutation versus bootstrap significance tests in multiple regression and ANOVA. In K. H. J\"{o}ckel, G. Rothe, & W. Sendler (Eds.), Bootstrapping and related techniques. lecture notes in economics and mathematical systems, vol 376 (pp. 79-86). Springer.
         |                                                                                                                           ^
  checkRd: (-1) nptest-package.Rd:73: Lost braces
      73 | ter Braak, C. J. F. (1992). Permutation versus bootstrap significance tests in multiple regression and ANOVA. In K. H. J\"{o}ckel, G. Rothe, & W. Sendler (Eds.), Bootstrapping and related techniques. lecture notes in economics and mathematical systems, vol 376 (pp. 79-86). Springer.
         |                                                                                                                           ^
Flavors: r-devel-linux-x86_64-debian-clang, r-devel-linux-x86_64-debian-gcc, r-devel-linux-x86_64-fedora-clang, r-devel-linux-x86_64-fedora-gcc
Version: 1.1
Check: Rd files
Result: NOTE
  checkRd: (-1) np.reg.test.Rd:148: Lost braces
     148 | ter Braak, C. J. F. (1992). Permutation versus bootstrap significance tests in multiple regression and ANOVA. In K. H. J\"{o}ckel, G. Rothe, & W. Sendler (Eds.), Bootstrapping and related techniques. lecture notes in economics and mathematical systems, vol 376 (pp. 79-86). Springer.
         |                                                                                                                           ^
  checkRd: (-1) nptest-package.Rd:73: Lost braces
      73 | ter Braak, C. J. F. (1992). Permutation versus bootstrap significance tests in multiple regression and ANOVA. In K. H. J\"{o}ckel, G. Rothe, & W. Sendler (Eds.), Bootstrapping and related techniques. lecture notes in economics and mathematical systems, vol 376 (pp. 79-86). Springer.
         |                                                                                                                           ^
Flavors: r-devel-windows-x86_64, r-patched-linux-x86_64, r-release-linux-x86_64, r-release-macos-arm64, r-release-macos-x86_64, r-release-windows-x86_64, r-oldrel-macos-arm64, r-oldrel-macos-x86_64, r-oldrel-windows-x86_64