Last updated on 2025-05-01 01:49:39 CEST.
Flavor | Version | Tinstall | Tcheck | Ttotal | Status | Flags |
---|---|---|---|---|---|---|
r-devel-linux-x86_64-debian-clang | 0.1.1 | 4.23 | 118.40 | 122.63 | NOTE | |
r-devel-linux-x86_64-debian-gcc | 0.1.1 | 2.61 | 77.54 | 80.15 | NOTE | |
r-devel-linux-x86_64-fedora-clang | 0.1.1 | 189.80 | OK | |||
r-devel-linux-x86_64-fedora-gcc | 0.1.1 | 203.55 | OK | |||
r-devel-windows-x86_64 | 0.1.1 | 6.00 | 123.00 | 129.00 | OK | |
r-patched-linux-x86_64 | 0.1.1 | 3.82 | 114.61 | 118.43 | OK | |
r-release-linux-x86_64 | 0.1.1 | 4.04 | 114.17 | 118.21 | OK | |
r-release-macos-arm64 | 0.1.1 | 59.00 | OK | |||
r-release-macos-x86_64 | 0.1.1 | 186.00 | OK | |||
r-release-windows-x86_64 | 0.1.1 | 6.00 | 129.00 | 135.00 | OK | |
r-oldrel-macos-arm64 | 0.1.1 | 61.00 | OK | |||
r-oldrel-macos-x86_64 | 0.1.1 | 100.00 | OK | |||
r-oldrel-windows-x86_64 | 0.1.1 | 7.00 | 176.00 | 183.00 | OK |
Version: 0.1.1
Check: CRAN incoming feasibility
Result: NOTE
Maintainer: ‘Sevvandi Kandanaarachchi <sevvandik@gmail.com>’
The Description field contains
anomalies (Kandanaarachchi, Hyndman 2022) <arXiv:2210.07407>.
Please refer to arXiv e-prints via their arXiv DOI <doi:10.48550/arXiv.YYMM.NNNNN>.
Flavors: r-devel-linux-x86_64-debian-clang, r-devel-linux-x86_64-debian-gcc
Version: 0.1.1
Check: examples
Result: NOTE
Examples with CPU (user + system) or elapsed time > 5s
user system elapsed
anomalous_networks 8.795 0.421 12.018
Flavor: r-devel-linux-x86_64-debian-clang
Version: 0.1.1
Check: examples
Result: NA
user system elapsed
anomalous_networks 5.516 0.376 7.726
OK
Flavor: r-devel-linux-x86_64-debian-gcc