Last updated on 2025-04-30 01:50:29 CEST.
Flavor | Version | Tinstall | Tcheck | Ttotal | Status | Flags |
---|---|---|---|---|---|---|
r-devel-linux-x86_64-debian-clang | 0.1.3 | 22.20 | 72.60 | 94.80 | NOTE | |
r-devel-linux-x86_64-debian-gcc | 0.1.3 | 15.97 | 50.14 | 66.11 | OK | |
r-devel-linux-x86_64-fedora-clang | 0.1.3 | 153.53 | OK | |||
r-devel-linux-x86_64-fedora-gcc | 0.1.3 | 131.98 | OK | |||
r-devel-windows-x86_64 | 0.1.3 | 29.00 | 104.00 | 133.00 | OK | |
r-patched-linux-x86_64 | 0.1.3 | 23.12 | 66.26 | 89.38 | OK | |
r-release-linux-x86_64 | 0.1.3 | 22.19 | 66.36 | 88.55 | OK | |
r-release-macos-arm64 | 0.1.3 | 41.00 | OK | |||
r-release-macos-x86_64 | 0.1.3 | 70.00 | OK | |||
r-release-windows-x86_64 | 0.1.3 | 30.00 | 103.00 | 133.00 | OK | |
r-oldrel-macos-arm64 | 0.1.3 | 45.00 | OK | |||
r-oldrel-macos-x86_64 | 0.1.3 | 75.00 | OK | |||
r-oldrel-windows-x86_64 | 0.1.3 | 33.00 | 130.00 | 163.00 | OK |
Version: 0.1.3
Check: examples
Result: NOTE
Examples with CPU (user + system) or elapsed time > 5s
user system elapsed
rsm 3.823 0.031 5.366
Flavor: r-devel-linux-x86_64-debian-clang