Last updated on 2024-05-21 02:02:11 CEST.
Flavor | Version | Tinstall | Tcheck | Ttotal | Status | Flags |
---|---|---|---|---|---|---|
r-devel-linux-x86_64-debian-clang | 0.2.0 | 2.23 | 35.37 | 37.60 | OK | |
r-devel-linux-x86_64-debian-gcc | 0.2.0 | 1.81 | 27.38 | 29.19 | OK | |
r-devel-linux-x86_64-fedora-clang | 0.2.0 | 49.87 | NOTE | |||
r-devel-linux-x86_64-fedora-gcc | 0.2.0 | 59.40 | OK | |||
r-devel-windows-x86_64 | 0.2.0 | 3.00 | 62.00 | 65.00 | OK | |
r-patched-linux-x86_64 | 0.2.0 | 2.69 | 34.62 | 37.31 | OK | |
r-release-linux-x86_64 | 0.2.0 | 2.37 | 34.10 | 36.47 | OK | |
r-release-macos-arm64 | 0.2.0 | 33.00 | OK | |||
r-release-windows-x86_64 | 0.2.0 | 3.00 | 61.00 | 64.00 | OK | |
r-oldrel-macos-arm64 | 0.2.0 | 47.00 | OK | |||
r-oldrel-macos-x86_64 | 0.2.0 | 66.00 | OK | |||
r-oldrel-windows-x86_64 | 0.2.0 | 4.00 | 67.00 | 71.00 | OK |
Version: 0.2.0
Check: Rd cross-references
Result: NOTE
Undeclared package ‘lubridate’ in Rd xrefs
Flavor: r-devel-linux-x86_64-fedora-clang