Last updated on 2025-05-01 01:49:40 CEST.
Flavor | Version | Tinstall | Tcheck | Ttotal | Status | Flags |
---|---|---|---|---|---|---|
r-devel-linux-x86_64-debian-clang | 2.4 | 4.05 | 35.45 | 39.50 | NOTE | |
r-devel-linux-x86_64-debian-gcc | 2.4 | 3.04 | 27.32 | 30.36 | NOTE | |
r-devel-linux-x86_64-fedora-clang | 2.4 | 62.01 | OK | |||
r-devel-linux-x86_64-fedora-gcc | 2.4 | 58.50 | OK | |||
r-devel-windows-x86_64 | 2.4 | 6.00 | 57.00 | 63.00 | OK | |
r-patched-linux-x86_64 | 2.4 | 4.28 | 33.57 | 37.85 | OK | |
r-release-linux-x86_64 | 2.4 | 3.69 | 33.45 | 37.14 | OK | |
r-release-macos-arm64 | 2.4 | 24.00 | OK | |||
r-release-macos-x86_64 | 2.4 | 42.00 | OK | |||
r-release-windows-x86_64 | 2.4 | 5.00 | 63.00 | 68.00 | OK | |
r-oldrel-macos-arm64 | 2.4 | 19.00 | OK | |||
r-oldrel-macos-x86_64 | 2.4 | 32.00 | OK | |||
r-oldrel-windows-x86_64 | 2.4 | 6.00 | 63.00 | 69.00 | OK |
Version: 2.4
Check: CRAN incoming feasibility
Result: NOTE
Maintainer: ‘Edgar Bueno <edgar.bueno@stat.su.se>’
No Authors@R field in DESCRIPTION.
Please add one, modifying
Authors@R: person(given = "Edgar",
family = "Bueno",
role = c("aut", "cre"),
email = "edgar.bueno@stat.su.se")
as necessary.
Flavors: r-devel-linux-x86_64-debian-clang, r-devel-linux-x86_64-debian-gcc