Last updated on 2025-05-09 01:50:13 CEST.
Flavor | Version | Tinstall | Tcheck | Ttotal | Status | Flags |
---|---|---|---|---|---|---|
r-devel-linux-x86_64-debian-clang | 0.1.0 | 1.43 | 17.10 | 18.53 | NOTE | |
r-devel-linux-x86_64-debian-gcc | 0.1.0 | 1.32 | 14.25 | 15.57 | NOTE | |
r-devel-linux-x86_64-fedora-clang | 0.1.0 | 29.96 | OK | |||
r-devel-linux-x86_64-fedora-gcc | 0.1.0 | 28.13 | OK | |||
r-devel-windows-x86_64 | 0.1.0 | 2.00 | 38.00 | 40.00 | OK | |
r-patched-linux-x86_64 | 0.1.0 | 1.64 | 16.59 | 18.23 | OK | |
r-release-linux-x86_64 | 0.1.0 | 1.47 | 16.52 | 17.99 | OK | |
r-release-macos-arm64 | 0.1.0 | 14.00 | OK | |||
r-release-macos-x86_64 | 0.1.0 | 21.00 | OK | |||
r-release-windows-x86_64 | 0.1.0 | 4.00 | 43.00 | 47.00 | OK | |
r-oldrel-macos-arm64 | 0.1.0 | 15.00 | NOTE | |||
r-oldrel-macos-x86_64 | 0.1.0 | 22.00 | NOTE | |||
r-oldrel-windows-x86_64 | 0.1.0 | 3.00 | 37.00 | 40.00 | NOTE |
Version: 0.1.0
Check: CRAN incoming feasibility
Result: NOTE
Maintainer: ‘Christian Sims <christian_j_sims@yahoo.com>’
No Authors@R field in DESCRIPTION.
Please add one, modifying
Authors@R: person(given = "Christian",
family = "Sims",
role = c("aut", "cre"),
email = "christian_j_sims@yahoo.com")
as necessary.
Flavors: r-devel-linux-x86_64-debian-clang, r-devel-linux-x86_64-debian-gcc
Version: 0.1.0
Check: LazyData
Result: NOTE
'LazyData' is specified without a 'data' directory
Flavors: r-oldrel-macos-arm64, r-oldrel-macos-x86_64, r-oldrel-windows-x86_64