Last updated on 2025-04-30 01:50:30 CEST.
Flavor | Version | Tinstall | Tcheck | Ttotal | Status | Flags |
---|---|---|---|---|---|---|
r-devel-linux-x86_64-debian-clang | 0.2.5 | 64.78 | 75.49 | 140.27 | OK | |
r-devel-linux-x86_64-debian-gcc | 0.2.5 | 51.11 | 54.89 | 106.00 | OK | |
r-devel-linux-x86_64-fedora-clang | 0.2.5 | 240.24 | OK | |||
r-devel-linux-x86_64-fedora-gcc | 0.2.5 | 264.90 | OK | |||
r-devel-windows-x86_64 | 0.2.5 | 76.00 | 126.00 | 202.00 | OK | |
r-patched-linux-x86_64 | 0.2.5 | 70.57 | 71.39 | 141.96 | OK | |
r-release-linux-x86_64 | 0.2.5 | 70.78 | 71.40 | 142.18 | OK | |
r-release-macos-arm64 | 0.2.5 | 86.00 | OK | |||
r-release-macos-x86_64 | 0.2.5 | 116.00 | OK | |||
r-release-windows-x86_64 | 0.2.5 | 75.00 | 122.00 | 197.00 | OK | |
r-oldrel-macos-arm64 | 0.2.5 | 76.00 | NOTE | |||
r-oldrel-macos-x86_64 | 0.2.5 | 90.00 | NOTE | |||
r-oldrel-windows-x86_64 | 0.2.5 | 86.00 | 138.00 | 224.00 | NOTE |
Version: 0.2.5
Check: installed package size
Result: NOTE
installed size is 11.9Mb
sub-directories of 1Mb or more:
doc 5.0Mb
libs 6.4Mb
Flavors: r-oldrel-macos-arm64, r-oldrel-macos-x86_64, r-oldrel-windows-x86_64