Last updated on 2025-05-01 01:49:40 CEST.
Flavor | Version | Tinstall | Tcheck | Ttotal | Status | Flags |
---|---|---|---|---|---|---|
r-devel-linux-x86_64-debian-clang | 1.4.2 | 2.07 | 24.73 | 26.80 | NOTE | |
r-devel-linux-x86_64-debian-gcc | 1.4.2 | 1.61 | 19.53 | 21.14 | NOTE | |
r-devel-linux-x86_64-fedora-clang | 1.4.2 | 39.92 | NOTE | |||
r-devel-linux-x86_64-fedora-gcc | 1.4.2 | 37.64 | NOTE | |||
r-devel-windows-x86_64 | 1.4.2 | 4.00 | 49.00 | 53.00 | NOTE | |
r-patched-linux-x86_64 | 1.4.2 | 2.29 | 22.02 | 24.31 | NOTE | |
r-release-linux-x86_64 | 1.4.2 | 1.64 | 22.36 | 24.00 | NOTE | |
r-release-macos-arm64 | 1.4.2 | 18.00 | NOTE | |||
r-release-macos-x86_64 | 1.4.2 | 28.00 | NOTE | |||
r-release-windows-x86_64 | 1.4.2 | 4.00 | 55.00 | 59.00 | NOTE | |
r-oldrel-macos-arm64 | 1.4.2 | 17.00 | OK | |||
r-oldrel-macos-x86_64 | 1.4.2 | 25.00 | OK | |||
r-oldrel-windows-x86_64 | 1.4.2 | 5.00 | 47.00 | 52.00 | OK |
Version: 1.4.2
Check: DESCRIPTION meta-information
Result: NOTE
Missing dependency on R >= 4.1.0 because package code uses the pipe
|> or function shorthand \(...) syntax added in R 4.1.0.
File(s) using such syntax:
‘owid.R’
Flavors: r-devel-linux-x86_64-debian-clang, r-devel-linux-x86_64-debian-gcc, r-devel-linux-x86_64-fedora-clang, r-devel-linux-x86_64-fedora-gcc, r-devel-windows-x86_64, r-patched-linux-x86_64, r-release-linux-x86_64, r-release-macos-arm64, r-release-macos-x86_64, r-release-windows-x86_64