CRAN Package Check Results for Package p3state.msm

Last updated on 2025-02-10 01:48:29 CET.

Flavor Version Tinstall Tcheck Ttotal Status Flags
r-devel-linux-x86_64-debian-clang 1.3.2 6.89 55.78 62.67 NOTE
r-devel-linux-x86_64-debian-gcc 1.3.2 4.81 41.38 46.19 NOTE
r-devel-linux-x86_64-fedora-clang 1.3.2 101.05 OK
r-devel-linux-x86_64-fedora-gcc 1.3.2 95.18 OK
r-devel-windows-x86_64 1.3.2 7.00 71.00 78.00 NOTE
r-patched-linux-x86_64 1.3.2 7.03 53.09 60.12 OK
r-release-linux-x86_64 1.3.2 6.00 52.31 58.31 OK
r-release-macos-arm64 1.3.2 32.00 OK
r-release-macos-x86_64 1.3.2 44.00 OK
r-release-windows-x86_64 1.3.2 8.00 71.00 79.00 OK
r-oldrel-macos-arm64 1.3.2 35.00 OK
r-oldrel-macos-x86_64 1.3.2 53.00 OK
r-oldrel-windows-x86_64 1.3.2 9.00 82.00 91.00 OK

Check Details

Version: 1.3.2
Check: Rd cross-references
Result: NOTE Found the following Rd file(s) with Rd \link{} targets missing package anchors: heart2.Rd: heart Please provide package anchors for all Rd \link{} targets not in the package itself and the base packages. Flavors: r-devel-linux-x86_64-debian-clang, r-devel-linux-x86_64-debian-gcc, r-devel-windows-x86_64