Last updated on 2025-05-09 01:50:14 CEST.
Flavor | Version | Tinstall | Tcheck | Ttotal | Status | Flags |
---|---|---|---|---|---|---|
r-devel-linux-x86_64-debian-clang | 1.18.5 | 26.81 | 155.14 | 181.95 | NOTE | |
r-devel-linux-x86_64-debian-gcc | 1.18.5 | 17.43 | 94.94 | 112.37 | NOTE | |
r-devel-linux-x86_64-fedora-clang | 1.18.5 | 300.93 | OK | |||
r-devel-linux-x86_64-fedora-gcc | 1.18.5 | 285.72 | OK | |||
r-devel-windows-x86_64 | 1.18.5 | 31.00 | 177.00 | 208.00 | NOTE | |
r-patched-linux-x86_64 | 1.18.5 | 28.08 | 145.33 | 173.41 | NOTE | |
r-release-linux-x86_64 | 1.18.5 | 24.27 | 144.70 | 168.97 | NOTE | |
r-release-macos-arm64 | 1.18.5 | 62.00 | OK | |||
r-release-macos-x86_64 | 1.18.5 | 165.00 | OK | |||
r-release-windows-x86_64 | 1.18.5 | 32.00 | 180.00 | 212.00 | NOTE | |
r-oldrel-macos-arm64 | 1.18.5 | 65.00 | OK | |||
r-oldrel-macos-x86_64 | 1.18.5 | 125.00 | OK | |||
r-oldrel-windows-x86_64 | 1.18.5 | 37.00 | 234.00 | 271.00 | OK |
Version: 1.18.5
Check: Rd cross-references
Result: NOTE
Found the following Rd file(s) with Rd \link{} targets missing package
anchors:
smooth.Rd: fitdistr
Please provide package anchors for all Rd \link{} targets not in the
package itself and the base packages.
Flavors: r-devel-linux-x86_64-debian-clang, r-devel-linux-x86_64-debian-gcc, r-devel-windows-x86_64, r-patched-linux-x86_64, r-release-linux-x86_64, r-release-windows-x86_64