Last updated on 2025-02-05 02:48:57 CET.
Flavor | Version | Tinstall | Tcheck | Ttotal | Status | Flags |
---|---|---|---|---|---|---|
r-devel-linux-x86_64-debian-clang | 2.2 | 7.48 | 53.82 | 61.30 | NOTE | |
r-devel-linux-x86_64-debian-gcc | 2.2 | 4.74 | 41.25 | 45.99 | NOTE | |
r-devel-linux-x86_64-fedora-clang | 2.2 | 98.08 | OK | |||
r-devel-linux-x86_64-fedora-gcc | 2.2 | 91.92 | OK | |||
r-devel-windows-x86_64 | 2.2 | 9.00 | 69.00 | 78.00 | NOTE | |
r-patched-linux-x86_64 | 2.2 | 6.69 | 50.61 | 57.30 | OK | |
r-release-linux-x86_64 | 2.2 | 6.71 | 50.92 | 57.63 | OK | |
r-release-macos-arm64 | 2.2 | 30.00 | OK | |||
r-release-macos-x86_64 | 2.2 | 42.00 | OK | |||
r-release-windows-x86_64 | 2.2 | 9.00 | 68.00 | 77.00 | OK | |
r-oldrel-macos-arm64 | 2.2 | 32.00 | OK | |||
r-oldrel-macos-x86_64 | 2.2 | 53.00 | OK | |||
r-oldrel-windows-x86_64 | 2.2 | 11.00 | 78.00 | 89.00 | OK |
Version: 2.2
Check: Rd cross-references
Result: NOTE
Found the following Rd file(s) with Rd \link{} targets missing package
anchors:
plot_km.Rd: survfit, plot.survfit
Please provide package anchors for all Rd \link{} targets not in the
package itself and the base packages.
Flavors: r-devel-linux-x86_64-debian-clang, r-devel-linux-x86_64-debian-gcc, r-devel-windows-x86_64