Last updated on 2025-02-05 02:48:57 CET.
Flavor | Version | Tinstall | Tcheck | Ttotal | Status | Flags |
---|---|---|---|---|---|---|
r-devel-linux-x86_64-debian-clang | 1.0.0 | 6.33 | 62.59 | 68.92 | OK | |
r-devel-linux-x86_64-debian-gcc | 1.0.0 | 4.61 | 45.62 | 50.23 | OK | |
r-devel-linux-x86_64-fedora-clang | 1.0.0 | 116.33 | OK | |||
r-devel-linux-x86_64-fedora-gcc | 1.0.0 | 123.74 | OK | |||
r-devel-windows-x86_64 | 1.0.0 | 8.00 | 79.00 | 87.00 | OK | |
r-patched-linux-x86_64 | 1.0.0 | 6.06 | 57.69 | 63.75 | NOTE | |
r-release-linux-x86_64 | 1.0.0 | 6.18 | 57.81 | 63.99 | NOTE | |
r-release-macos-arm64 | 1.0.0 | 60.00 | NOTE | |||
r-release-macos-x86_64 | 1.0.0 | 99.00 | NOTE | |||
r-release-windows-x86_64 | 1.0.0 | 8.00 | 78.00 | 86.00 | NOTE | |
r-oldrel-macos-arm64 | 1.0.0 | 62.00 | NOTE | |||
r-oldrel-macos-x86_64 | 1.0.0 | 111.00 | NOTE | |||
r-oldrel-windows-x86_64 | 1.0.0 | 9.00 | 89.00 | 98.00 | NOTE |
Version: 1.0.0
Check: package dependencies
Result: NOTE
Package suggested but not available for checking: ‘CorShrink’
Flavors: r-patched-linux-x86_64, r-release-linux-x86_64, r-release-macos-arm64, r-release-macos-x86_64, r-release-windows-x86_64, r-oldrel-macos-arm64, r-oldrel-macos-x86_64, r-oldrel-windows-x86_64