Last updated on 2025-11-18 01:48:41 CET.
| Flavor | Version | Tinstall | Tcheck | Ttotal | Status | Flags |
|---|---|---|---|---|---|---|
| r-devel-linux-x86_64-debian-clang | 0.2.2 | 2.01 | 31.34 | 33.35 | OK | |
| r-devel-linux-x86_64-debian-gcc | 0.2.2 | 1.59 | 25.41 | 27.00 | ERROR | |
| r-devel-linux-x86_64-fedora-clang | 0.2.2 | 49.05 | OK | |||
| r-devel-linux-x86_64-fedora-gcc | 0.2.2 | 63.97 | OK | |||
| r-devel-windows-x86_64 | 0.2.2 | 6.00 | 57.00 | 63.00 | OK | |
| r-patched-linux-x86_64 | 0.2.2 | 2.08 | 29.01 | 31.09 | OK | |
| r-release-linux-x86_64 | 0.2.2 | 2.02 | 28.83 | 30.85 | OK | |
| r-release-macos-arm64 | 0.2.2 | 1.00 | 44.00 | 45.00 | OK | |
| r-release-macos-x86_64 | 0.2.2 | 3.00 | 67.00 | 70.00 | OK | |
| r-release-windows-x86_64 | 0.2.2 | 4.00 | 64.00 | 68.00 | OK | |
| r-oldrel-macos-arm64 | 0.2.2 | 1.00 | 36.00 | 37.00 | OK | |
| r-oldrel-macos-x86_64 | 0.2.2 | 2.00 | 56.00 | 58.00 | OK | |
| r-oldrel-windows-x86_64 | 0.2.2 | 4.00 | 66.00 | 70.00 | OK |
Version: 0.2.2
Check: re-building of vignette outputs
Result: ERROR
Error(s) in re-building vignettes:
...
--- re-building ‘PS1_Cat.Rmd’ using rmarkdown
Quitting from PS1_Cat.Rmd:35-50 [unnamed-chunk-3]
~~~~~~~~~~~~~~~~~~~~~~~~~~~~~~~~~~~~~~~~~~~~~~~~~~~~~~~~~~~~~~~~~~~~~~~~~~~~~~~~
<error/rlang_error>
Error in `UseMethod()`:
! no applicable method for 'select' applied to an object of class "NULL"
---
Backtrace:
▆
1. └─dplyr::select(df_cone, dplyr::matches("[grizy]MeanPSFMag$"))
~~~~~~~~~~~~~~~~~~~~~~~~~~~~~~~~~~~~~~~~~~~~~~~~~~~~~~~~~~~~~~~~~~~~~~~~~~~~~~~~
Error: processing vignette 'PS1_Cat.Rmd' failed with diagnostics:
no applicable method for 'select' applied to an object of class "NULL"
--- failed re-building ‘PS1_Cat.Rmd’
--- re-building ‘PS1_Images.Rmd’ using rmarkdown
[WARNING] Deprecated: --highlight-style. Use --syntax-highlighting instead.
--- finished re-building ‘PS1_Images.Rmd’
SUMMARY: processing the following file failed:
‘PS1_Cat.Rmd’
Error: Vignette re-building failed.
Execution halted
Flavor: r-devel-linux-x86_64-debian-gcc