Last updated on 2025-05-01 01:49:40 CEST.
Flavor | Version | Tinstall | Tcheck | Ttotal | Status | Flags |
---|---|---|---|---|---|---|
r-devel-linux-x86_64-debian-clang | 1.0.1 | 8.62 | 122.40 | 131.02 | NOTE | |
r-devel-linux-x86_64-debian-gcc | 1.0.1 | 4.84 | 83.06 | 87.90 | OK | |
r-devel-linux-x86_64-fedora-clang | 1.0.1 | 198.65 | OK | |||
r-devel-linux-x86_64-fedora-gcc | 1.0.1 | 198.65 | OK | |||
r-devel-windows-x86_64 | 1.0.1 | 10.00 | 140.00 | 150.00 | OK | |
r-patched-linux-x86_64 | 1.0.1 | 9.05 | 112.32 | 121.37 | OK | |
r-release-linux-x86_64 | 1.0.1 | 8.07 | 113.36 | 121.43 | OK | |
r-release-macos-arm64 | 1.0.1 | 65.00 | OK | |||
r-release-macos-x86_64 | 1.0.1 | 145.00 | OK | |||
r-release-windows-x86_64 | 1.0.1 | 10.00 | 149.00 | 159.00 | OK | |
r-oldrel-macos-arm64 | 1.0.1 | 77.00 | OK | |||
r-oldrel-macos-x86_64 | 1.0.1 | 155.00 | OK | |||
r-oldrel-windows-x86_64 | 1.0.1 | 11.00 | 166.00 | 177.00 | OK |
Version: 1.0.1
Check: examples
Result: NOTE
Examples with CPU (user + system) or elapsed time > 5s
user system elapsed
to_tune 3.447 0.056 5.341
Flavor: r-devel-linux-x86_64-debian-clang