Last updated on 2025-10-31 01:49:06 CET.
| Flavor | Version | Tinstall | Tcheck | Ttotal | Status | Flags | 
|---|---|---|---|---|---|---|
| r-devel-linux-x86_64-debian-clang | 1.7 | 18.48 | 69.17 | 87.65 | NOTE | |
| r-devel-linux-x86_64-debian-gcc | 1.7 | 10.01 | 46.37 | 56.38 | NOTE | |
| r-devel-linux-x86_64-fedora-clang | 1.7 | 36.00 | 100.10 | 136.10 | OK | |
| r-devel-linux-x86_64-fedora-gcc | 1.7 | 31.00 | 110.11 | 141.11 | OK | |
| r-devel-windows-x86_64 | 1.7 | 17.00 | 84.00 | 101.00 | OK | |
| r-patched-linux-x86_64 | 1.7 | 16.78 | 66.13 | 82.91 | OK | |
| r-release-linux-x86_64 | 1.7 | 16.80 | 67.10 | 83.90 | OK | |
| r-release-macos-arm64 | 1.7 | 9.00 | 33.00 | 42.00 | OK | |
| r-release-macos-x86_64 | 1.7 | 16.00 | 83.00 | 99.00 | OK | |
| r-release-windows-x86_64 | 1.7 | 18.00 | 84.00 | 102.00 | OK | |
| r-oldrel-macos-arm64 | 1.7 | 9.00 | 31.00 | 40.00 | OK | |
| r-oldrel-macos-x86_64 | 1.7 | 13.00 | 52.00 | 65.00 | OK | |
| r-oldrel-windows-x86_64 | 1.7 | 18.00 | 100.00 | 118.00 | OK | 
Version: 1.7
Check: CRAN incoming feasibility
Result: NOTE
  Maintainer: ‘Alexios Galanos <alexios@4dscape.com>’
  
  Package CITATION file contains call(s) to old-style personList() or
  as.personList().  Please use c() on person objects instead.
  Package CITATION file contains call(s) to old-style citEntry().  Please
  use bibentry() instead.
Flavors: r-devel-linux-x86_64-debian-clang, r-devel-linux-x86_64-debian-gcc