Last updated on 2024-05-21 02:02:12 CEST.
Flavor | Version | Tinstall | Tcheck | Ttotal | Status | Flags |
---|---|---|---|---|---|---|
r-devel-linux-x86_64-debian-clang | 1.0 | 1.94 | 24.29 | 26.23 | NOTE | |
r-devel-linux-x86_64-debian-gcc | 1.0 | 1.56 | 18.89 | 20.45 | NOTE | |
r-devel-linux-x86_64-fedora-clang | 1.0 | 33.30 | NOTE | |||
r-devel-linux-x86_64-fedora-gcc | 1.0 | 31.38 | NOTE | |||
r-devel-windows-x86_64 | 1.0 | 2.00 | 46.00 | 48.00 | NOTE | |
r-patched-linux-x86_64 | 1.0 | 1.55 | 23.14 | 24.69 | NOTE | |
r-release-linux-x86_64 | 1.0 | 2.01 | 23.81 | 25.82 | NOTE | |
r-release-macos-arm64 | 1.0 | 15.00 | NOTE | |||
r-release-windows-x86_64 | 1.0 | 3.00 | 44.00 | 47.00 | NOTE | |
r-oldrel-macos-arm64 | 1.0 | 17.00 | NOTE | |||
r-oldrel-macos-x86_64 | 1.0 | 21.00 | NOTE | |||
r-oldrel-windows-x86_64 | 1.0 | 6.00 | 43.00 | 49.00 | NOTE |
Version: 1.0
Check: LazyData
Result: NOTE
'LazyData' is specified without a 'data' directory
Flavors: r-devel-linux-x86_64-debian-clang, r-devel-linux-x86_64-debian-gcc, r-devel-linux-x86_64-fedora-clang, r-devel-linux-x86_64-fedora-gcc, r-devel-windows-x86_64, r-patched-linux-x86_64, r-release-linux-x86_64, r-release-macos-arm64, r-release-windows-x86_64, r-oldrel-macos-arm64, r-oldrel-macos-x86_64, r-oldrel-windows-x86_64