Last updated on 2025-05-02 01:52:07 CEST.
Flavor | Version | Tinstall | Tcheck | Ttotal | Status | Flags |
---|---|---|---|---|---|---|
r-devel-linux-x86_64-debian-clang | 2.4.2 | 10.95 | 250.70 | 261.65 | NOTE | |
r-devel-linux-x86_64-debian-gcc | 2.4.2 | 7.97 | 175.19 | 183.16 | OK | |
r-devel-linux-x86_64-fedora-clang | 2.4.2 | 419.17 | OK | |||
r-devel-linux-x86_64-fedora-gcc | 2.4.2 | 405.01 | OK | |||
r-devel-windows-x86_64 | 2.4.2 | 14.00 | 273.00 | 287.00 | OK | |
r-patched-linux-x86_64 | 2.4.2 | 9.92 | 240.76 | 250.68 | OK | |
r-release-linux-x86_64 | OK | |||||
r-release-macos-arm64 | 2.4.2 | 5.00 | ERROR | |||
r-release-macos-x86_64 | 2.4.2 | 234.00 | OK | |||
r-release-windows-x86_64 | 2.4.2 | 13.00 | 283.00 | 296.00 | OK | |
r-oldrel-macos-arm64 | 2.4.2 | 10.00 | ERROR | |||
r-oldrel-macos-x86_64 | 2.4.2 | 12.00 | ERROR | |||
r-oldrel-windows-x86_64 | 2.4.2 | 16.00 | 346.00 | 362.00 | OK |
Version: 2.4.2
Check: examples
Result: NOTE
Examples with CPU (user + system) or elapsed time > 5s
user system elapsed
input_processing 7.092 0.188 11.535
enrichment_analyses 4.480 0.019 7.087
Flavor: r-devel-linux-x86_64-debian-clang
Version: 2.4.2
Check: package dependencies
Result: ERROR
Package required but not available: ‘org.Hs.eg.db’
See section ‘The DESCRIPTION file’ in the ‘Writing R Extensions’
manual.
Flavor: r-release-macos-arm64
Version: 2.4.2
Check: package dependencies
Result: ERROR
Package required and available but unsuitable version: ‘ggkegg’
See section ‘The DESCRIPTION file’ in the ‘Writing R Extensions’
manual.
Flavor: r-oldrel-macos-arm64
Version: 2.4.2
Check: package dependencies
Result: ERROR
Package required but not available: ‘ggkegg’
See section ‘The DESCRIPTION file’ in the ‘Writing R Extensions’
manual.
Flavor: r-oldrel-macos-x86_64