Last updated on 2024-05-21 02:02:12 CEST.
Flavor | Version | Tinstall | Tcheck | Ttotal | Status | Flags |
---|---|---|---|---|---|---|
r-devel-linux-x86_64-debian-clang | 2.0.7 | 10.99 | 287.28 | 298.27 | OK | |
r-devel-linux-x86_64-debian-gcc | 2.0.7 | 7.77 | 217.68 | 225.45 | OK | |
r-devel-linux-x86_64-fedora-clang | 2.0.7 | 379.20 | NOTE | |||
r-devel-linux-x86_64-fedora-gcc | 2.0.7 | 378.19 | OK | |||
r-devel-windows-x86_64 | 2.0.7 | 11.00 | 198.00 | 209.00 | NOTE | |
r-patched-linux-x86_64 | 2.0.7 | 15.23 | 276.53 | 291.76 | OK | |
r-release-linux-x86_64 | 2.0.7 | 7.26 | 277.67 | 284.93 | OK | |
r-release-macos-arm64 | 2.0.7 | 81.00 | NOTE | |||
r-release-macos-x86_64 | 2.0.7 | 194.00 | NOTE | |||
r-release-windows-x86_64 | 2.0.7 | 12.00 | 193.00 | 205.00 | NOTE | |
r-oldrel-macos-arm64 | 2.0.7 | 70.00 | NOTE | |||
r-oldrel-macos-x86_64 | 2.0.7 | 171.00 | NOTE | |||
r-oldrel-windows-x86_64 | 2.0.7 | 13.00 | 235.00 | 248.00 | NOTE |
Version: 2.0.7
Check: installed package size
Result: NOTE
installed size is 5.6Mb
sub-directories of 1Mb or more:
doc 5.2Mb
Flavors: r-devel-linux-x86_64-fedora-clang, r-devel-windows-x86_64, r-release-macos-arm64, r-release-macos-x86_64, r-release-windows-x86_64, r-oldrel-macos-arm64, r-oldrel-macos-x86_64, r-oldrel-windows-x86_64