Last updated on 2024-05-21 02:02:12 CEST.
Flavor | Version | Tinstall | Tcheck | Ttotal | Status | Flags |
---|---|---|---|---|---|---|
r-devel-linux-x86_64-debian-clang | 0.6.0 | 142.22 | 324.01 | 466.23 | OK | |
r-devel-linux-x86_64-debian-gcc | 0.6.0 | 136.86 | 229.23 | 366.09 | OK | |
r-devel-linux-x86_64-fedora-clang | 0.6.0 | 621.13 | NOTE | |||
r-devel-linux-x86_64-fedora-gcc | 0.6.0 | 559.75 | OK | |||
r-devel-windows-x86_64 | 0.6.0 | 127.00 | 384.00 | 511.00 | NOTE | |
r-patched-linux-x86_64 | 0.6.0 | 181.02 | 298.64 | 479.66 | OK | |
r-release-linux-x86_64 | 0.6.0 | 125.66 | 305.82 | 431.48 | OK | |
r-release-macos-arm64 | 0.6.0 | 138.00 | NOTE | |||
r-release-macos-x86_64 | 0.6.0 | 323.00 | NOTE | |||
r-release-windows-x86_64 | 0.6.0 | 126.00 | 399.00 | 525.00 | NOTE | |
r-oldrel-macos-arm64 | 0.6.0 | 132.00 | NOTE | |||
r-oldrel-macos-x86_64 | 0.6.0 | 278.00 | NOTE | |||
r-oldrel-windows-x86_64 | 0.6.0 | 162.00 | 424.00 | 586.00 | NOTE |
Version: 0.6.0
Check: installed package size
Result: NOTE
installed size is 5.4Mb
sub-directories of 1Mb or more:
R 2.6Mb
help 2.7Mb
Flavors: r-devel-linux-x86_64-fedora-clang, r-devel-windows-x86_64, r-release-macos-arm64, r-release-macos-x86_64, r-release-windows-x86_64, r-oldrel-macos-arm64, r-oldrel-macos-x86_64, r-oldrel-windows-x86_64