Last updated on 2024-05-21 02:02:12 CEST.
Flavor | Version | Tinstall | Tcheck | Ttotal | Status | Flags |
---|---|---|---|---|---|---|
r-devel-linux-x86_64-debian-clang | 0.6.1 | 125.08 | 381.27 | 506.35 | OK | |
r-devel-linux-x86_64-debian-gcc | 0.6.1 | 106.68 | 268.74 | 375.42 | OK | |
r-devel-linux-x86_64-fedora-clang | 0.6.1 | 643.14 | NOTE | |||
r-devel-linux-x86_64-fedora-gcc | 0.6.1 | 588.55 | OK | |||
r-devel-windows-x86_64 | 0.6.1 | 107.00 | 467.00 | 574.00 | NOTE | |
r-patched-linux-x86_64 | 0.5.0 | 164.69 | 372.24 | 536.93 | OK | |
r-release-linux-x86_64 | 0.6.1 | 135.96 | 357.36 | 493.32 | OK | |
r-release-macos-arm64 | 0.6.1 | 143.00 | NOTE | |||
r-release-macos-x86_64 | 0.6.1 | 298.00 | NOTE | |||
r-release-windows-x86_64 | 0.6.1 | 103.00 | 464.00 | 567.00 | NOTE | |
r-oldrel-macos-arm64 | 0.6.1 | 141.00 | NOTE | |||
r-oldrel-macos-x86_64 | 0.6.1 | 267.00 | NOTE | |||
r-oldrel-windows-x86_64 | 0.6.1 | 144.00 | 517.00 | 661.00 | NOTE |
Version: 0.6.1
Check: installed package size
Result: NOTE
installed size is 6.4Mb
sub-directories of 1Mb or more:
R 2.6Mb
help 3.6Mb
Flavors: r-devel-linux-x86_64-fedora-clang, r-devel-windows-x86_64, r-release-macos-arm64, r-release-macos-x86_64, r-release-windows-x86_64, r-oldrel-macos-arm64, r-oldrel-macos-x86_64, r-oldrel-windows-x86_64