Last updated on 2025-04-30 01:50:30 CEST.
Flavor | Version | Tinstall | Tcheck | Ttotal | Status | Flags |
---|---|---|---|---|---|---|
r-devel-linux-x86_64-debian-clang | 0.1.1 | 11.11 | 77.42 | 88.53 | NOTE | |
r-devel-linux-x86_64-debian-gcc | 0.1.1 | 6.97 | 51.46 | 58.43 | OK | |
r-devel-linux-x86_64-fedora-clang | 0.1.1 | 149.14 | OK | |||
r-devel-linux-x86_64-fedora-gcc | 0.1.1 | 132.79 | OK | |||
r-devel-windows-x86_64 | 0.1.1 | 11.00 | 103.00 | 114.00 | OK | |
r-patched-linux-x86_64 | 0.1.1 | 12.45 | 72.74 | 85.19 | OK | |
r-release-linux-x86_64 | 0.1.1 | 10.52 | 72.37 | 82.89 | OK | |
r-release-macos-arm64 | 0.1.1 | 45.00 | OK | |||
r-release-macos-x86_64 | 0.1.1 | 80.00 | OK | |||
r-release-windows-x86_64 | 0.1.1 | 11.00 | 100.00 | 111.00 | OK | |
r-oldrel-macos-arm64 | 0.1.1 | 37.00 | OK | |||
r-oldrel-macos-x86_64 | 0.1.1 | 69.00 | OK | |||
r-oldrel-windows-x86_64 | 0.1.1 | 15.00 | 116.00 | 131.00 | OK |
Version: 0.1.1
Check: examples
Result: NOTE
Examples with CPU (user + system) or elapsed time > 5s
user system elapsed
PEedge.dens.tri 4.016 0.246 5.941
Flavor: r-devel-linux-x86_64-debian-clang