Last updated on 2025-05-08 01:51:13 CEST.
Flavor | Version | Tinstall | Tcheck | Ttotal | Status | Flags |
---|---|---|---|---|---|---|
r-devel-linux-x86_64-debian-clang | 0.2.0 | 16.12 | 132.44 | 148.56 | NOTE | |
r-devel-linux-x86_64-debian-gcc | 0.2.0 | 13.69 | 96.68 | 110.37 | NOTE | |
r-devel-linux-x86_64-fedora-clang | 0.2.0 | 237.62 | OK | |||
r-devel-linux-x86_64-fedora-gcc | 0.2.0 | 228.17 | OK | |||
r-devel-windows-x86_64 | 0.2.0 | 20.00 | 123.00 | 143.00 | OK | |
r-patched-linux-x86_64 | 0.2.0 | 17.96 | 126.80 | 144.76 | OK | |
r-release-linux-x86_64 | 0.2.0 | 16.53 | 125.20 | 141.73 | OK | |
r-release-macos-arm64 | 0.2.0 | 89.00 | OK | |||
r-release-macos-x86_64 | 0.2.0 | 120.00 | OK | |||
r-release-windows-x86_64 | 0.2.0 | 18.00 | 126.00 | 144.00 | OK | |
r-oldrel-macos-arm64 | 0.2.0 | 60.00 | OK | |||
r-oldrel-macos-x86_64 | 0.2.0 | 84.00 | OK | |||
r-oldrel-windows-x86_64 | 0.2.0 | 26.00 | 165.00 | 191.00 | OK |
Version: 0.2.0
Check: CRAN incoming feasibility
Result: NOTE
Maintainer: ‘Pariya Behrouzi <pariya.behrouzi@gmail.com>’
No Authors@R field in DESCRIPTION.
Please add one, modifying
Authors@R: c(person(given = "Willem",
family = "Kruijer",
role = "aut"),
person(given = "Pariya",
family = "Behrouzi",
role = c("aut", "cre"),
email = "pariya.behrouzi@gmail.com"),
person(given = c("Maria", "Xose"),
family = "Rodriguez-Alvarez",
role = "aut"))
as necessary.
Flavors: r-devel-linux-x86_64-debian-clang, r-devel-linux-x86_64-debian-gcc