CRAN Package Check Results for Package pdftools

Last updated on 2025-04-30 01:50:30 CEST.

Flavor Version Tinstall Tcheck Ttotal Status Flags
r-devel-linux-x86_64-debian-clang 3.5.0 14.76 29.99 44.75 OK
r-devel-linux-x86_64-debian-gcc 3.5.0 10.98 24.38 35.36 OK
r-devel-linux-x86_64-fedora-clang 3.5.0 79.88 OK
r-devel-linux-x86_64-fedora-gcc 3.5.0 76.45 OK
r-devel-windows-x86_64 3.5.0 35.00 131.00 166.00 OK
r-patched-linux-x86_64 3.5.0 15.44 29.22 44.66 OK
r-release-linux-x86_64 3.5.0 16.41 29.12 45.53 OK
r-release-macos-arm64 3.5.0 121.00 OK
r-release-macos-x86_64 3.5.0 63.00 OK
r-release-windows-x86_64 3.5.0 35.00 135.00 170.00 OK
r-oldrel-macos-arm64 3.5.0 36.00 NOTE
r-oldrel-macos-x86_64 3.5.0 47.00 NOTE
r-oldrel-windows-x86_64 3.5.0 40.00 135.00 175.00 NOTE

Check Details

Version: 3.5.0
Check: installed package size
Result: NOTE installed size is 20.9Mb sub-directories of 1Mb or more: libs 8.0Mb share 12.8Mb Flavors: r-oldrel-macos-arm64, r-oldrel-macos-x86_64, r-oldrel-windows-x86_64