Last updated on 2025-10-22 01:51:33 CEST.
Flavor | Version | Tinstall | Tcheck | Ttotal | Status | Flags |
---|---|---|---|---|---|---|
r-devel-linux-x86_64-debian-clang | 1.7.2 | 13.63 | 117.25 | 130.88 | NOTE | |
r-devel-linux-x86_64-debian-gcc | 1.7.2 | 9.24 | 79.72 | 88.96 | NOTE | |
r-devel-linux-x86_64-fedora-clang | 1.7.2 | 34.00 | 148.12 | 182.12 | OK | |
r-devel-linux-x86_64-fedora-gcc | 1.7.2 | 25.00 | 151.69 | 176.69 | OK | |
r-devel-windows-x86_64 | 1.7.2 | 16.00 | 190.00 | 206.00 | OK | |
r-patched-linux-x86_64 | 1.7.2 | 12.94 | 105.47 | 118.41 | OK | |
r-release-linux-x86_64 | 1.7.2 | 12.38 | 103.88 | 116.26 | OK | |
r-release-macos-arm64 | 1.7.2 | 6.00 | 47.00 | 53.00 | OK | |
r-release-macos-x86_64 | 1.7.2 | 12.00 | 96.00 | 108.00 | OK | |
r-release-windows-x86_64 | 1.7.2 | 19.00 | 199.00 | 218.00 | OK | |
r-oldrel-macos-arm64 | 1.7.2 | 5.00 | 49.00 | 54.00 | OK | |
r-oldrel-macos-x86_64 | 1.7.2 | 15.00 | 102.00 | 117.00 | OK | |
r-oldrel-windows-x86_64 | 1.7.2 | 21.00 | 214.00 | 235.00 | OK |
Version: 1.7.2
Check: HTML version of manual
Result: NOTE
Found the following HTML validation problems:
broadcast_log.html:53:1 (broadcast_log.Rd:12): Warning: missing </ul> before </div>
check_pharmpy.html:46:1 (check_pharmpy.Rd:10): Warning: missing </ul> before </div>
create_report.html:52:1 (create_report.Rd:12): Warning: missing </ul> before </div>
install_pharmpy.html:50:1 (install_pharmpy.Rd:12): Warning: missing </ul> before </div>
install_pharmpy_devel.html:58:1 (install_pharmpy_devel.Rd:18): Warning: missing </ul> before </div>
print_fit_summary.html:50:1 (print_fit_summary.Rd:12): Warning: missing </ul> before </div>
print_log.html:46:1 (print_log.Rd:10): Warning: missing </ul> before </div>
reset_index.html:48:1 (reset_index.Rd:10): Warning: missing </ul> before </div>
reset_indices_results.html:46:1 (reset_indices_results.Rd:10): Warning: missing </ul> before </div>
write_results.html:60:1 (write_results.Rd:16): Warning: missing </ul> before </div>
Flavors: r-devel-linux-x86_64-debian-clang, r-devel-linux-x86_64-debian-gcc