Last updated on 2025-02-17 01:50:34 CET.
Flavor | Version | Tinstall | Tcheck | Ttotal | Status | Flags |
---|---|---|---|---|---|---|
r-devel-linux-x86_64-debian-clang | 1.2.9 | 11.17 | 111.49 | 122.66 | NOTE | |
r-devel-linux-x86_64-debian-gcc | 1.2.9 | 6.73 | 82.83 | 89.56 | NOTE | |
r-devel-linux-x86_64-fedora-clang | 1.2.9 | 200.17 | NOTE | |||
r-devel-linux-x86_64-fedora-gcc | 1.2.9 | 188.86 | NOTE | |||
r-devel-macos-arm64 | 1.2.9 | 58.00 | NOTE | |||
r-devel-macos-x86_64 | 1.2.9 | 121.00 | NOTE | |||
r-devel-windows-x86_64 | 1.2.9 | 13.00 | 118.00 | 131.00 | NOTE | |
r-patched-linux-x86_64 | 1.2.9 | 11.99 | 103.54 | 115.53 | NOTE | |
r-release-linux-x86_64 | 1.2.9 | 11.85 | 104.41 | 116.26 | NOTE | |
r-release-macos-arm64 | 1.2.9 | 49.00 | NOTE | |||
r-release-macos-x86_64 | 1.2.9 | 78.00 | NOTE | |||
r-release-windows-x86_64 | 1.2.9 | 13.00 | 119.00 | 132.00 | NOTE | |
r-oldrel-macos-arm64 | 1.2.9 | 55.00 | OK | |||
r-oldrel-macos-x86_64 | 1.2.9 | 86.00 | OK | |||
r-oldrel-windows-x86_64 | 1.2.9 | 18.00 | 141.00 | 159.00 | OK |
Version: 1.2.9
Check: Rd files
Result: NOTE
checkRd: (-1) rosePlotsAct.Rd:19: Lost braces; missing escapes or markup?
19 | A \code{plotly} {htmlwidget} with rose plots for locomotor activity.
| ^
checkRd: (-1) rosePlotsSleep.Rd:19: Lost braces; missing escapes or markup?
19 | #' @return A \code{plotly} {htmlwidget} with rose plots for sleep data.
| ^
Flavors: r-devel-linux-x86_64-debian-clang, r-devel-linux-x86_64-debian-gcc, r-devel-linux-x86_64-fedora-clang, r-devel-linux-x86_64-fedora-gcc, r-devel-macos-arm64, r-devel-macos-x86_64, r-devel-windows-x86_64, r-patched-linux-x86_64, r-release-linux-x86_64, r-release-macos-arm64, r-release-macos-x86_64, r-release-windows-x86_64