CRAN Package Check Results for Package phase1RMD

Last updated on 2025-11-11 02:50:48 CET.

Flavor Version Tinstall Tcheck Ttotal Status Flags
r-devel-linux-x86_64-debian-clang 1.0.9 9.40 69.62 79.02 NOTE
r-devel-linux-x86_64-debian-gcc 1.0.9 6.94 48.44 55.38 NOTE
r-devel-linux-x86_64-fedora-clang 1.0.9 25.00 97.84 122.84 OK
r-devel-linux-x86_64-fedora-gcc 1.0.9 22.00 92.30 114.30 OK
r-devel-windows-x86_64 1.0.9 12.00 77.00 89.00 OK
r-patched-linux-x86_64 1.0.9 10.77 65.31 76.08 OK
r-release-linux-x86_64 1.0.9 8.82 65.65 74.47 OK
r-release-macos-arm64 1.0.9 4.00 27.00 31.00 OK
r-release-macos-x86_64 1.0.9 8.00 47.00 55.00 OK
r-release-windows-x86_64 1.0.9 12.00 76.00 88.00 OK
r-oldrel-macos-arm64 1.0.9 4.00 24.00 28.00 OK
r-oldrel-macos-x86_64 1.0.9 7.00 39.00 46.00 OK
r-oldrel-windows-x86_64 1.0.9 16.00 93.00 109.00 OK

Check Details

Version: 1.0.9
Check: CRAN incoming feasibility
Result: NOTE Maintainer: ‘Jun Yin <vivien.jyin@gmail.com>’ No Authors@R field in DESCRIPTION. Please add one, modifying Authors@R: c(person(given = "Jun", family = "Yin", role = c("aut", "cre"), email = "vivien.jyin@gmail.com"), person(given = "Yu", family = "Du", role = "aut"), person(given = "Sumithra", family = "Mandrekar", role = "aut")) as necessary. Flavors: r-devel-linux-x86_64-debian-clang, r-devel-linux-x86_64-debian-gcc